{"id":740,"date":"2014-11-24T17:36:49","date_gmt":"2014-11-24T17:36:49","guid":{"rendered":"http:\/\/fictionmaster.rivido.de\/?page_id=740"},"modified":"2018-01-29T20:53:46","modified_gmt":"2018-01-29T19:53:46","slug":"marty-teil-1-2","status":"publish","type":"page","link":"https:\/\/www.soeren-prescher.de\/?page_id=740","title":{"rendered":"Marty Beckett: Die Enth\u00fcllung"},"content":{"rendered":"<h2><a href=\"https:\/\/www.amazon.de\/gp\/product\/B078X77YRC\/ref=as_li_qf_sp_asin_il_tl?ie=UTF8&amp;tag=sorenprescher-21&amp;camp=1638&amp;creative=6742&amp;linkCode=as2&amp;creativeASIN=B078X77YRC&amp;linkId=cc2fe8ceaae31494bcc7ec175cd8578b\" target=\"_blank\" rel=\"noopener\"><img loading=\"lazy\" decoding=\"async\" class=\"alignright wp-image-84 size-full\" title=\"Marty\" src=\"https:\/\/www.soeren-prescher.de\/wp-content\/uploads\/2018\/01\/MartyBecktt.jpg\" alt=\"\" width=\"200\" height=\"300\" \/><\/a><\/h2>\n<p>US-Journalist Marty Beckett gelingt der ganz gro\u00dfe Wurf: Er filmt ein illegales Waffengesch\u00e4ft zwischen Regierungsvertretern und der Mafia.<br \/>\nDoch die Freude w\u00e4hrt nur kurz. Statt des erhofften Pulitzerpreises ger\u00e4t er in Lebensgefahr und muss untertauchen.<br \/>\nNicht nur die Mafia, auch korrupte FBI-Agenten sind hinter ihm her, um ihn zum Schweigen zu bringen. Sie wenden dabei die schmutzigsten Mittel und Intrigen an.<br \/>\nBeckett erkennt, dass er niemandem trauen kann und die Sache selbst in die Hand nehmen muss, um die gesamte Enth\u00fcllungsgeschichte mit den Schuldigen an die \u00d6ffentlichkeit zu bringen. Eine Jagd quer durch die USA beginnt &#8230;<\/p>\n<p><em>Fabylon eBooks<br \/>\n<\/em><em>ISBN der Gesamtausgabe: 978-3-946773-02-3<\/em><br \/>\n<em>Erscheinungsdatum: Januar 2018<br \/>\n<\/em><em>Preis: 4,99 EUR<\/em><br \/>\n<a href=\"https:\/\/www.soeren-prescher.de\/wp-content\/uploads\/2018\/01\/Presseinformation-Marty-Beckett.pdf\" target=\"_blank\" rel=\"noopener\"><em>Presse-Information<\/em><\/a><\/p>\n<p><strong>Zur Information: Die erste Auflage des Romans erschien als Zweiteiler (&#8222;Marty 1&#8220; und &#8222;Marty 2&#8220;) im Rouven Finn Verlag jeweils als eBook- und Taschenbuch-Ausgabe.<\/strong><\/p>\n<p>Ab der zweiten Auflage ist der Roman als Gesamtausgabe bei Fabylon eBooks erh\u00e4ltlich. Eine Neuauflage als Taschenbuch ist aktuell nicht geplant.<\/p>\n<p>Inhaltlich hat sich an der Geschichte nichts ge\u00e4ndert.<\/p>\n<p>&nbsp;<\/p>\n<p><a title=\"Marty 2\" href=\"http:\/\/www.amazon.de\/gp\/product\/B018QT8K5I\/ref=as_li_qf_sp_asin_il_tl?ie=UTF8&amp;camp=1638&amp;creative=6742&amp;creativeASIN=B018QT8K5I&amp;linkCode=as2&amp;tag=sorenprescher-21\" target=\"_blank\" rel=\"noopener\"><img loading=\"lazy\" decoding=\"async\" class=\"alignright wp-image-84\" title=\"Marty 1\" src=\"https:\/\/www.soeren-prescher.de\/wp-content\/uploads\/2014\/11\/marty_cover.jpg\" alt=\"\" width=\"174\" height=\"279\" \/><\/a>Auf <strong>Literra<\/strong> gingen drei Leseproben von <a title=\"Marty 1\" href=\"http:\/\/fictionmaster.rivido.de\/?page_id=740\">MARTY 1<\/a> online. Viel Spa\u00df beim Reinlesen: <a title=\"Literra: MARTY 1 (Leseprobe 1)\" href=\"http:\/\/www.literra.info\/buecher\/leseprobe.php?id=1159\" target=\"_blank\" rel=\"noopener\">Leseprobe 1<\/a>, <a title=\"Literra: MARTY 1 (Leseprobe 2)\" href=\"http:\/\/www.literra.info\/buecher\/leseprobe.php?id=1160\" target=\"_blank\" rel=\"noopener\">Leseprobe 2<\/a> und <a title=\"Literra: MARTY 1 (Leseprobe 3)\" href=\"http:\/\/www.literra.info\/buecher\/leseprobe.php?id=1161\" target=\"_blank\" rel=\"noopener\">Leseprobe 3<\/a>.<\/p>\n<p>Auch zu <strong>MARTY 2<\/strong> gibt es bei Literra die M\u00f6glichkeit zum Reinlesen: <a href=\"http:\/\/www.literra.info\/news.php?id=11890\" target=\"_blank\" rel=\"noopener\">Leseprobe 1<\/a>, <a href=\"http:\/\/www.literra.info\/news.php?id=11891\" target=\"_blank\" rel=\"noopener\">Leseprobe 2<\/a> und <a href=\"http:\/\/www.literra.info\/news.php?id=11892\" target=\"_blank\" rel=\"noopener\">Leseprobe 3<\/a>.<\/p>\n<p>F\u00fcr <strong>Literra<\/strong> unterhielt sich Alisha Bionda mit mir \u00fcber meine <a href=\"http:\/\/fictionmaster.rivido.de\/?page_id=740\">MARTY-Dilogie<\/a>, die im Rouven Finn Verlag erschienen ist. Zum Interview gelangt Ihr \u00fcber <a href=\"http:\/\/literra.info\/interviews\/interview.php?id=476\" target=\"_blank\" rel=\"noopener\"><b>diesen Link<\/b>.<\/a><\/p>\n<p>Die beiden <a href=\"http:\/\/fictionmaster.rivido.de\/?page_id=740\">MARTY-B\u00fccher<\/a> wurden zudem beim Literaturblog Mordsbuch vorgestellt. Hier ist \u201e<strong><a href=\"http:\/\/www.mordsbuch.net\/2016\/12\/12\/buchvorstellung-marty-1-s%C3%B6ren-prescher\/\" target=\"_blank\" rel=\"noopener\">Marty 1<\/a><\/strong>\u201c und hier \u201e<strong><a href=\"http:\/\/www.mordsbuch.net\/2016\/12\/12\/buchvorstellung-marty-2-s%C3%B6ren-prescher\/\" target=\"_blank\" rel=\"noopener\">Marty 2<\/a><\/strong>\u201c .<\/p>\n<p>Au\u00dferdem wurde <a href=\"http:\/\/fictionmaster.rivido.de\/?page_id=740\">MARTY<\/a> im <a href=\"https:\/\/w0rdw0rld.blogspot.de\/2016\/11\/mit-marty-2-erscheint-der-zweite-teil.html\" target=\"_blank\" rel=\"noopener\"><strong>WordWorld-Literaturblog<\/strong><\/a> vorgestellt. Mit Zitaten aus den B\u00fcchern und allem Pipapo. Ich bin beeindruckt. In der Rezension hei\u00dft es: \u201e<em>Die Handlung des Buches ist total spannend! Es passieren so rasant neue Dinge und es tun sich immer neue Probleme auf, mit denen der Protagonist schwer zu k\u00e4mpfen hat, dass es schwer ist das Buch auf die Seite zu legen. Der Autor hat einen sehr fl\u00fcssigen Schreibstil und erz\u00e4hlt ohne lange und unn\u00f6tige Umschweife. Auch die Personen, die man im Laufe der Geschichte kennenlernt, wirken sehr lebendig und authentisch. Ein packender Kriminalroman mit viel Action, authentischen Charakteren und ganz viel Spannung!<strong>\u201c<\/strong><\/em><\/p>\n<p><em>\u201eDie Handlung verl\u00e4uft so rasant und spannend, dass man sich nicht eine Sekunde langweilt, was auch nicht zuletzt an S\u00f6ren Preschers fl\u00fcssigem und packendem Schreibstil liegt. Ein actiongeladener Mysteryroman mit tollen Protagonisten, ganz viel Spannung und einer sehr unvorhersehbaren Handlung.\u201c<\/em><\/p>\n<p>Die Rezension zu &#8222;Marty 2&#8220; findet ihr <a href=\"https:\/\/w0rdw0rld.blogspot.de\/2017\/02\/marty-2.html\" target=\"_blank\" rel=\"noopener\"><strong>an dieser Stelle<\/strong><\/a>.<\/p>\n<section class=\"postText\">\n<div data-editor=\"2vvjs\" data-offset-key=\"738ee-0-0\" data-block=\"true\">\n<div class=\"_1mf _1mj\" data-offset-key=\"f8bob-0-0\"><span data-text=\"true\" data-offset-key=\"f8bob-0-0\"><span data-text=\"true\"><strong><br \/>\nKittys B\u00fccherblog<\/strong> hat sich meinen zweiteiligen Mystery-Thriller <a href=\"http:\/\/fictionmaster.rivido.de\/?page_id=740\">MARTY<\/a> ebenfalls vorgenommen: \u201e\u201e<em>Dieser Roman hat mich von Beginn an gefesselt. Gleich die ersten Seiten fangen den Leser ein, und das Buch l\u00e4sst einen bis zum Schlu\u00df nicht mehr los. Der Schreibstil ist fl\u00fcssig und verst\u00e4rkt den fesselnden Charakter dieses Werkes noch zus\u00e4tzlich, so dass es schwer f\u00e4llt, eine Lesepause einzulegen. Dieser Mysteryroman beinhaltet eine super Mischung aus Intrigen, Spannung und Action, aber zugleich gibt es auch viel r\u00e4tselhaftes und unheimliches, das dem Namen Mysteryroman zu aller Ehre verhilft und die Handlung sehr undurchschaubar macht. Dadurch wird man regelrecht zum Weiterlesen gezwungen. Ich habe dieses Buch verschlungen.<\/em>\u201c <\/span><a href=\"https:\/\/kitty411buecherblog.wordpress.com\/2017\/01\/08\/rezension-zu-marty-1-von-soeren-prescher\/\" target=\"_blank\" rel=\"noopener\"><strong>Rezension 1<\/strong><\/a> und <a href=\"https:\/\/kitty411buecherblog.wordpress.com\/2017\/01\/08\/rezension-zu-marty-2-von-soeren-prescher\/\" target=\"_blank\" rel=\"noopener\"><strong>Rezension 2<\/strong><\/a>.<\/span><\/div>\n<div data-offset-key=\"f8bob-0-0\"><\/div>\n<\/div>\n<div class=\"_1mf _1mj\" data-offset-key=\"f8bob-0-0\">Auch <strong>Drakonias B\u00fccherwelt<\/strong> hat <a href=\"http:\/\/fictionmaster.rivido.de\/?page_id=740\">MARTY<\/a> rezensiert: \u201e<em>Man steigt direkt in die Geschichte ein, ohne ewig langes Vorgerede. Es ist durchweg spannend und man fiebert mit, wie es weiter geht<\/em>.\u201c<br \/>\n<a href=\"http:\/\/drakoniasbuecherwelt.blogspot.de\/2017\/01\/rezension-marty-1.html\" target=\"_blank\" rel=\"noopener\"><strong>Hier<\/strong><\/a> geht&#8217;s zur kompletten Rezension.<\/div>\n<div class=\"_1mf _1mj\" data-offset-key=\"f8bob-0-0\"><\/div>\n<\/section>\n<table style=\"border-collapse: collapse; width: 100%;\">\n<tbody>\n<tr>\n<td style=\"width: 33%;\"><\/td>\n<td style=\"width: 33%;\"><\/td>\n<td style=\"width: 33%;\"><\/td>\n<\/tr>\n<tr>\n<td style=\"width: 33%;\"><\/td>\n<td style=\"width: 33%;\"><\/td>\n<td style=\"width: 33%;\"><\/td>\n<\/tr>\n<\/tbody>\n<\/table>\n","protected":false},"excerpt":{"rendered":"<p>US-Journalist Marty Beckett gelingt der ganz gro\u00dfe Wurf: Er filmt ein illegales Waffengesch\u00e4ft zwischen Regierungsvertretern und der Mafia. Doch die Freude w\u00e4hrt nur kurz. Statt des erhofften Pulitzerpreises ger\u00e4t er in Lebensgefahr und muss untertauchen. Nicht nur die Mafia, auch korrupte FBI-Agenten sind hinter ihm her, um ihn zum Schweigen zu bringen. Sie wenden dabei [&hellip;]<\/p>\n","protected":false},"author":2,"featured_media":0,"parent":0,"menu_order":0,"comment_status":"closed","ping_status":"closed","template":"","meta":{"footnotes":""},"class_list":["post-740","page","type-page","status-publish","hentry"],"_links":{"self":[{"href":"https:\/\/www.soeren-prescher.de\/index.php?rest_route=\/wp\/v2\/pages\/740","targetHints":{"allow":["GET"]}}],"collection":[{"href":"https:\/\/www.soeren-prescher.de\/index.php?rest_route=\/wp\/v2\/pages"}],"about":[{"href":"https:\/\/www.soeren-prescher.de\/index.php?rest_route=\/wp\/v2\/types\/page"}],"author":[{"embeddable":true,"href":"https:\/\/www.soeren-prescher.de\/index.php?rest_route=\/wp\/v2\/users\/2"}],"replies":[{"embeddable":true,"href":"https:\/\/www.soeren-prescher.de\/index.php?rest_route=%2Fwp%2Fv2%2Fcomments&post=740"}],"version-history":[{"count":1,"href":"https:\/\/www.soeren-prescher.de\/index.php?rest_route=\/wp\/v2\/pages\/740\/revisions"}],"predecessor-version":[{"id":1164,"href":"https:\/\/www.soeren-prescher.de\/index.php?rest_route=\/wp\/v2\/pages\/740\/revisions\/1164"}],"wp:attachment":[{"href":"https:\/\/www.soeren-prescher.de\/index.php?rest_route=%2Fwp%2Fv2%2Fmedia&parent=740"}],"curies":[{"name":"wp","href":"https:\/\/api.w.org\/{rel}","templated":true}]}}