{"id":7,"date":"2012-08-26T11:32:51","date_gmt":"2012-08-26T09:32:51","guid":{"rendered":"http:\/\/fictionmaster.rivido.de\/?page_id=7"},"modified":"2025-04-26T11:10:34","modified_gmt":"2025-04-26T10:10:34","slug":"uber-den-autor","status":"publish","type":"page","link":"https:\/\/www.soeren-prescher.de\/?page_id=7","title":{"rendered":"\u00dcber den Autor"},"content":{"rendered":"<h2><img loading=\"lazy\" decoding=\"async\" class=\"alignright size-full wp-image-79\" title=\"soeren_prescher_1\" src=\"https:\/\/www.soeren-prescher.de\/wp-content\/uploads\/2019\/01\/DSC_2916_sepia_Medium_Cut.jpg\" alt=\"\" width=\"200\" height=\"300\" \/>Biographie<\/h2>\n<p><strong>S\u00f6ren Prescher<\/strong> wurde am 9. August 1978 in Bautzen geboren, ist verheiratet und wohnt mit seiner Familie in N\u00fcrnberg.<\/p>\n<p>Nach dem Schulabschluss im Sommer 1995 begann er eine Ausbildung zum Gro\u00dfhandelskaufmann, die er im Sommer 1998 erfolgreich beendete. Nebenberuflich arbeitete er als freier Mitarbeiter f\u00fcr die S\u00e4chsische Zeitung, der gr\u00f6\u00dften Tageszeitung Ostsachsens.<\/p>\n<p>Inzwischen ist er im Vertrieb eines internationalen Unternehmens t\u00e4tig und schreibt nebenbei Artikel und Berichte f\u00fcr das N\u00fcrnberger Musik- und Kulturmagazin <a href=\"http:\/\/www.rcnmagazin.de\/\" target=\"_blank\" rel=\"noopener\">RCN<\/a> (ehemals Rock City News).<\/p>\n<p>S\u00f6ren Prescher ver\u00f6ffentlichte Kurzgeschichten und Gedichte in zahlreichen Anthologien, unter anderem: \u201eArkham \u2013 Ein Reisef\u00fchrer\u201c, \u201eDunwich \u2013 Ein Reisef\u00fchrer\u201c (beides Basilisk-Verlag), \u201eRose Noire\u201c (Voodoo Press Verlag), \u201e Advocatus Diaboli\u201c (Edition Roter Drache) und der Edgar-Allan-Poe-Hommage \u201eJenseits des Hauses Usher\u201c (Blitz-Verlag).<\/p>\n<p>Nach \u201e<a title=\"Der letzte Sommer\" href=\"http:\/\/fictionmaster.rivido.de\/?page_id=200\" target=\"_blank\" rel=\"noopener\">Der letzte Sommer<\/a>\u201c (Lacrima Verlag) und dem Psycho-Drama \u201e<a title=\"Superior\" href=\"http:\/\/www.amazon.de\/gp\/product\/3981032993\/ref=as_li_qf_sp_asin_il_tl?ie=UTF8&amp;camp=1638&amp;creative=6742&amp;creativeASIN=3981032993&amp;linkCode=as2&amp;tag=sorenprescher-21\" target=\"_blank\" rel=\"noopener\">Superior<\/a>\u201c(Brendle-Verlag) erschien im September 2010 der Milit\u00e4rthriller \u201e<a title=\"Der Fall Nemesis\" href=\"http:\/\/www.amazon.de\/gp\/product\/3950270159\/ref=as_li_qf_sp_asin_il_tl?ie=UTF8&amp;camp=1638&amp;creative=6742&amp;creativeASIN=3950270159&amp;linkCode=as2&amp;tag=sorenprescher-21\" target=\"_blank\" rel=\"noopener\">Der Fall Nemesis<\/a>\u201c im Voodoo Press Verlag.<\/p>\n<p>Im Sommer 2012 folgte die erste gemeinsame Ver\u00f6ffentlichung mit Tobias Bachmann, der Roman &#8222;<a title=\"Sherlock Holmes taucht ab\" href=\"http:\/\/www.amazon.de\/gp\/product\/3927071765\/ref=as_li_qf_sp_asin_il_tl?ie=UTF8&amp;camp=1638&amp;creative=6742&amp;creativeASIN=3927071765&amp;linkCode=as2&amp;tag=sorenprescher-21\" target=\"_blank\" rel=\"noopener\">Sherlock Holmes taucht ab<\/a>&#8220; im Fabylon Verlag.<\/p>\n<p>Mit &#8222;<a title=\"Der Flug der Archimedes\" href=\"http:\/\/fictionmaster.rivido.de\/?page_id=599\">Der Flug der Archimedes<\/a>&#8220; erschien im Februar 2014 sein erster Steampunk-Roman, der nicht nur zur selben Zeit wie das Holmes-Abenteuer in London spielt, sondern auch eine Art Fortsetzung der Steampunk-Novelle &#8222;<a title=\"Amazon: Erinnerungen an Morgen\" href=\"http:\/\/www.amazon.de\/gp\/product\/3927071692\/ref=as_li_qf_sp_asin_il_tl?ie=UTF8&amp;camp=1638&amp;creative=6742&amp;creativeASIN=3927071692&amp;linkCode=as2&amp;tag=sorenprescher-21\" target=\"_blank\" rel=\"noopener\">Erinnerungen an Morgen<\/a>&#8220; darstellt.<\/p>\n<p>Es folgten der zweiteilige Mystery-Thriller &#8222;<a title=\"Marty\" href=\"http:\/\/fictionmaster.rivido.de\/?page_id=740\">Marty<\/a>&#8220; (Rouven Finn Verlag &#8211; inzwischen wiederver\u00f6ffentlicht unter dem Titel &#8222;<a href=\"http:\/\/fictionmaster.rivido.de\/?page_id=740\">Marty Beckett<\/a>&#8220; im Fabylon Verlag), die Liebesgeschichte &#8222;<a title=\"Momentaufnahme\" href=\"http:\/\/fictionmaster.rivido.de\/?page_id=771\">Momentaufnahme<\/a>&#8220; (Oldigor Verlag), der in N\u00fcrnberg spielende eBook-Krimi &#8222;<a title=\"Verh\u00e4ngnisvolle Freundschaft\" href=\"http:\/\/fictionmaster.rivido.de\/?page_id=769\">Verh\u00e4ngnisvolle Freundschaft<\/a>&#8220; (Gmeiner Verlag), der Thriller &#8222;<a href=\"http:\/\/fictionmaster.rivido.de\/?page_id=885\">Raststopp<\/a>&#8220; (Bookshouse Verlag) sowie zusammen mit Silke Porath die Kurzkrimisammlungen &#8222;<a title=\"Wer mordet schon zwischen Alb und Donau?\" href=\"http:\/\/fictionmaster.rivido.de\/?page_id=670\">Wer mordet schon zwischen Alb und Donau?<\/a>&#8220; und &#8222;<a href=\"http:\/\/fictionmaster.rivido.de\/?page_id=811\">Wer mordet schon in der Oberlausitz?<\/a>&#8222;, &#8222;<a href=\"http:\/\/fictionmaster.rivido.de\/?page_id=1019\">M\u00f6rderische S\u00e4chsische Schweiz<\/a>&#8220; und der Roman &#8222;<a href=\"http:\/\/fictionmaster.rivido.de\/?page_id=848\">Klosterkeller<\/a>&#8220; (alles im Gmeiner Verlag).<\/p>\n<p>Zum Jahreswechsel 2017 \/ 2018 erschien sein Urban-Fantasy-\/Mystery-Thriller &#8222;<a href=\"https:\/\/www.soeren-prescher.de\/?page_id=1127\">Verschw\u00f6rung der Schatten<\/a>&#8220; im Luzifer Verlag.<\/p>\n<p>Im April 2020 wurde sein Liebesroman &#8222;<a href=\"http:\/\/fictionmaster.rivido.de\/?page_id=771\">Momentaufnahme<\/a>&#8220; im Amr\u00fbn Verlag (wieder)ver\u00f6ffentlicht.<\/p>\n<p>Exklusiv f\u00fcr den Weltbild Verlag schreibt er zusammen mit Silke Porath die Cosy-Crime-Reihe um den chaotischen Hobbyermittler Schr\u00f6dinger und seinen frechen Boxerhund Horst. Der erste Band der am\u00fcsanten Krimi-Reihe hei\u00dft &#8222;<a href=\"https:\/\/www.soeren-prescher.de\/?page_id=1228\">Mord mit Seeblick<\/a>&#8220; (erschienen im Fr\u00fchjahr 2018), drei weitere B\u00e4nde, alle im Titel beginnend &#8222;Mord mit &#8230;&#8220; sind bisher im j\u00e4hrlichen Abstand gefolgt.<\/p>\n<p>Eine weitere tierische Krimi-Serie ist &#8222;<a href=\"https:\/\/www.soeren-prescher.de\/?page_id=1445\">Auf den Hund gekommen<\/a>&#8222;, die S\u00f6ren Prescher seit 2019 alleine f\u00fcr den Verlag Edel Elements verfasst. Bislang sind acht B\u00e4nde der Krimis um das &#8222;Trio mit vier Pfoten&#8220; herausgekommen.<\/p>\n<p>Zuletzt erschienen von ihm \u201e<a href=\"https:\/\/www.soeren-prescher.de\/?page_id=2512\">Die Vormittagsermittlerin<\/a>\u201c (Weltbild \/ Thalia), seine Krimi-Reihe um die <a href=\"https:\/\/www.soeren-prescher.de\/?page_id=2628\">Kripo Ostfriesland<\/a> (Klarant Verlag) sowie zusammen mit Silke Porath unter dem Pseudonym Kim Selvig \u201e<a href=\"https:\/\/www.soeren-prescher.de\/?page_id=2516\">Keiner liebt mich so wie du<\/a>\u201c (Harper Collins Verlag).<\/p>\n<p><a href=\"https:\/\/www.soeren-prescher.de\/wp-content\/uploads\/2017\/07\/SoerenPrescher-RadioID2.mp3\" target=\"_blank\" rel=\"noopener\"><strong>An dieser Stelle<\/strong><\/a> gibt es eine kurze Audio-Vita von S\u00f6ren Prescher im Mp3-Format, die urspr\u00fcnglich f\u00fcr ein kurzes Radio-Special geplant gewesen war.<\/p>\n<p>Eine Vita als PDF-Dokument ist <a href=\"https:\/\/www.soeren-prescher.de\/wp-content\/uploads\/2021\/09\/Soeren-Prescher-Vita.pdf\" target=\"_blank\" rel=\"noopener\"><strong>hier<\/strong><\/a> erh\u00e4ltlich.<\/p>\n","protected":false},"excerpt":{"rendered":"<p>Biographie S\u00f6ren Prescher wurde am 9. August 1978 in Bautzen geboren, ist verheiratet und wohnt mit seiner Familie in N\u00fcrnberg. Nach dem Schulabschluss im Sommer 1995 begann er eine Ausbildung zum Gro\u00dfhandelskaufmann, die er im Sommer 1998 erfolgreich beendete. Nebenberuflich arbeitete er als freier Mitarbeiter f\u00fcr die S\u00e4chsische Zeitung, der gr\u00f6\u00dften Tageszeitung Ostsachsens. Inzwischen ist [&hellip;]<\/p>\n","protected":false},"author":1,"featured_media":0,"parent":0,"menu_order":1,"comment_status":"open","ping_status":"closed","template":"","meta":{"footnotes":""},"class_list":["post-7","page","type-page","status-publish","hentry"],"_links":{"self":[{"href":"https:\/\/www.soeren-prescher.de\/index.php?rest_route=\/wp\/v2\/pages\/7","targetHints":{"allow":["GET"]}}],"collection":[{"href":"https:\/\/www.soeren-prescher.de\/index.php?rest_route=\/wp\/v2\/pages"}],"about":[{"href":"https:\/\/www.soeren-prescher.de\/index.php?rest_route=\/wp\/v2\/types\/page"}],"author":[{"embeddable":true,"href":"https:\/\/www.soeren-prescher.de\/index.php?rest_route=\/wp\/v2\/users\/1"}],"replies":[{"embeddable":true,"href":"https:\/\/www.soeren-prescher.de\/index.php?rest_route=%2Fwp%2Fv2%2Fcomments&post=7"}],"version-history":[{"count":14,"href":"https:\/\/www.soeren-prescher.de\/index.php?rest_route=\/wp\/v2\/pages\/7\/revisions"}],"predecessor-version":[{"id":2068,"href":"https:\/\/www.soeren-prescher.de\/index.php?rest_route=\/wp\/v2\/pages\/7\/revisions\/2068"}],"wp:attachment":[{"href":"https:\/\/www.soeren-prescher.de\/index.php?rest_route=%2Fwp%2Fv2%2Fmedia&parent=7"}],"curies":[{"name":"wp","href":"https:\/\/api.w.org\/{rel}","templated":true}]}}

Über den Autor

<h2><img loading="lazy" decoding="async" class="alignright size-full wp-image-79" title="soeren_prescher_1" src="https://www.soeren-prescher.de/wp-content/uploads/2019/01/DSC_2916_sepia_Medium_Cut.jpg" alt="" width="200" height="300" />Biographie</h2>
<p><strong>Sören Prescher</strong> wurde am 9. August 1978 in Bautzen geboren, ist verheiratet und wohnt mit seiner Familie in Nürnberg.</p>
<p>Nach dem Schulabschluss im Sommer 1995 begann er eine Ausbildung zum Großhandelskaufmann, die er im Sommer 1998 erfolgreich beendete. Nebenberuflich arbeitete er als freier Mitarbeiter für die Sächsische Zeitung, der größten Tageszeitung Ostsachsens.</p>
<p>Inzwischen ist er im Vertrieb eines internationalen Unternehmens tätig und schreibt nebenbei Artikel und Berichte für das Nürnberger Musik- und Kulturmagazin <a href="http://www.rcnmagazin.de/" target="_blank" rel="noopener">RCN</a> (ehemals Rock City News).</p>
<p>Sören Prescher veröffentlichte Kurzgeschichten und Gedichte in zahlreichen Anthologien, unter anderem: „Arkham – Ein Reiseführer“, „Dunwich – Ein Reiseführer“ (beides Basilisk-Verlag), „Rose Noire“ (Voodoo Press Verlag), „ Advocatus Diaboli“ (Edition Roter Drache) und der Edgar-Allan-Poe-Hommage „Jenseits des Hauses Usher“ (Blitz-Verlag).</p>
<p>Nach „<a title="Der letzte Sommer" href="http://fictionmaster.rivido.de/?page_id=200" target="_blank" rel="noopener">Der letzte Sommer</a>“ (Lacrima Verlag) und dem Psycho-Drama „<a title="Superior" href="http://www.amazon.de/gp/product/3981032993/ref=as_li_qf_sp_asin_il_tl?ie=UTF8&amp;camp=1638&amp;creative=6742&amp;creativeASIN=3981032993&amp;linkCode=as2&amp;tag=sorenprescher-21" target="_blank" rel="noopener">Superior</a>“(Brendle-Verlag) erschien im September 2010 der Militärthriller „<a title="Der Fall Nemesis" href="http://www.amazon.de/gp/product/3950270159/ref=as_li_qf_sp_asin_il_tl?ie=UTF8&amp;camp=1638&amp;creative=6742&amp;creativeASIN=3950270159&amp;linkCode=as2&amp;tag=sorenprescher-21" target="_blank" rel="noopener">Der Fall Nemesis</a>“ im Voodoo Press Verlag.</p>
<p>Im Sommer 2012 folgte die erste gemeinsame Veröffentlichung mit Tobias Bachmann, der Roman &#8222;<a title="Sherlock Holmes taucht ab" href="http://www.amazon.de/gp/product/3927071765/ref=as_li_qf_sp_asin_il_tl?ie=UTF8&amp;camp=1638&amp;creative=6742&amp;creativeASIN=3927071765&amp;linkCode=as2&amp;tag=sorenprescher-21" target="_blank" rel="noopener">Sherlock Holmes taucht ab</a>&#8220; im Fabylon Verlag.</p>
<p>Mit &#8222;<a title="Der Flug der Archimedes" href="http://fictionmaster.rivido.de/?page_id=599">Der Flug der Archimedes</a>&#8220; erschien im Februar 2014 sein erster Steampunk-Roman, der nicht nur zur selben Zeit wie das Holmes-Abenteuer in London spielt, sondern auch eine Art Fortsetzung der Steampunk-Novelle &#8222;<a title="Amazon: Erinnerungen an Morgen" href="http://www.amazon.de/gp/product/3927071692/ref=as_li_qf_sp_asin_il_tl?ie=UTF8&amp;camp=1638&amp;creative=6742&amp;creativeASIN=3927071692&amp;linkCode=as2&amp;tag=sorenprescher-21" target="_blank" rel="noopener">Erinnerungen an Morgen</a>&#8220; darstellt.</p>
<p>Es folgten der zweiteilige Mystery-Thriller &#8222;<a title="Marty" href="http://fictionmaster.rivido.de/?page_id=740">Marty</a>&#8220; (Rouven Finn Verlag &#8211; inzwischen wiederveröffentlicht unter dem Titel &#8222;<a href="http://fictionmaster.rivido.de/?page_id=740">Marty Beckett</a>&#8220; im Fabylon Verlag), die Liebesgeschichte &#8222;<a title="Momentaufnahme" href="http://fictionmaster.rivido.de/?page_id=771">Momentaufnahme</a>&#8220; (Oldigor Verlag), der in Nürnberg spielende eBook-Krimi &#8222;<a title="Verhängnisvolle Freundschaft" href="http://fictionmaster.rivido.de/?page_id=769">Verhängnisvolle Freundschaft</a>&#8220; (Gmeiner Verlag), der Thriller &#8222;<a href="http://fictionmaster.rivido.de/?page_id=885">Raststopp</a>&#8220; (Bookshouse Verlag) sowie zusammen mit Silke Porath die Kurzkrimisammlungen &#8222;<a title="Wer mordet schon zwischen Alb und Donau?" href="http://fictionmaster.rivido.de/?page_id=670">Wer mordet schon zwischen Alb und Donau?</a>&#8220; und &#8222;<a href="http://fictionmaster.rivido.de/?page_id=811">Wer mordet schon in der Oberlausitz?</a>&#8222;, &#8222;<a href="http://fictionmaster.rivido.de/?page_id=1019">Mörderische Sächsische Schweiz</a>&#8220; und der Roman &#8222;<a href="http://fictionmaster.rivido.de/?page_id=848">Klosterkeller</a>&#8220; (alles im Gmeiner Verlag).</p>
<p>Zum Jahreswechsel 2017 / 2018 erschien sein Urban-Fantasy-/Mystery-Thriller &#8222;<a href="https://www.soeren-prescher.de/?page_id=1127">Verschwörung der Schatten</a>&#8220; im Luzifer Verlag.</p>
<p>Im April 2020 wurde sein Liebesroman &#8222;<a href="http://fictionmaster.rivido.de/?page_id=771">Momentaufnahme</a>&#8220; im Amrûn Verlag (wieder)veröffentlicht.</p>
<p>Exklusiv für den Weltbild Verlag schreibt er zusammen mit Silke Porath die Cosy-Crime-Reihe um den chaotischen Hobbyermittler Schrödinger und seinen frechen Boxerhund Horst. Der erste Band der amüsanten Krimi-Reihe heißt &#8222;<a href="https://www.soeren-prescher.de/?page_id=1228">Mord mit Seeblick</a>&#8220; (erschienen im Frühjahr 2018), drei weitere Bände, alle im Titel beginnend &#8222;Mord mit &#8230;&#8220; sind bisher im jährlichen Abstand gefolgt.</p>
<p>Eine weitere tierische Krimi-Serie ist &#8222;<a href="https://www.soeren-prescher.de/?page_id=1445">Auf den Hund gekommen</a>&#8222;, die Sören Prescher seit 2019 alleine für den Verlag Edel Elements verfasst. Bislang sind acht Bände der Krimis um das &#8222;Trio mit vier Pfoten&#8220; herausgekommen.</p>
<p>Zuletzt erschienen von ihm „<a href="https://www.soeren-prescher.de/?page_id=2512">Die Vormittagsermittlerin</a>“ (Weltbild / Thalia), seine Krimi-Reihe um die <a href="https://www.soeren-prescher.de/?page_id=2628">Kripo Ostfriesland</a> (Klarant Verlag) sowie zusammen mit Silke Porath unter dem Pseudonym Kim Selvig „<a href="https://www.soeren-prescher.de/?page_id=2516">Keiner liebt mich so wie du</a>“ (Harper Collins Verlag).</p>
<p><a href="https://www.soeren-prescher.de/wp-content/uploads/2017/07/SoerenPrescher-RadioID2.mp3" target="_blank" rel="noopener"><strong>An dieser Stelle</strong></a> gibt es eine kurze Audio-Vita von Sören Prescher im Mp3-Format, die ursprünglich für ein kurzes Radio-Special geplant gewesen war.</p>
<p>Eine Vita als PDF-Dokument ist <a href="https://www.soeren-prescher.de/wp-content/uploads/2021/09/Soeren-Prescher-Vita.pdf" target="_blank" rel="noopener"><strong>hier</strong></a> erhältlich.</p>

<p>Biographie Sören Prescher wurde am 9. August 1978 in Bautzen geboren, ist verheiratet und wohnt mit seiner Familie in Nürnberg. Nach dem Schulabschluss im Sommer 1995 begann er eine Ausbildung zum Großhandelskaufmann, die er im Sommer 1998 erfolgreich beendete. Nebenberuflich arbeitete er als freier Mitarbeiter für die Sächsische Zeitung, der größten Tageszeitung Ostsachsens. Inzwischen ist [&hellip;]</p>
