{"id":361,"date":"2012-09-01T11:43:58","date_gmt":"2012-09-01T11:43:58","guid":{"rendered":"http:\/\/fictionmaster.rivido.de\/?page_id=361"},"modified":"2012-09-01T11:49:08","modified_gmt":"2012-09-01T11:49:08","slug":"lebenselixier","status":"publish","type":"page","link":"https:\/\/www.soeren-prescher.de\/?page_id=361","title":{"rendered":"Lebenselixier"},"content":{"rendered":"<h6>Anmerkung des Autors: Inspiriert wurde ich durch die Songtexte von Thomas D. Von Liedern wie \u201cLiebesbrief\u201d oder \u201cMillionen Legionen\u201d war ich derartig begeistert, dass ich versuchte, etwas Ebenb\u00fcrtiges zustande zu bekommen. Ob es mir gelungen ist, kann jeder selbst entscheiden.<\/h6>\n<p>&nbsp;<\/p>\n<p>Mein Leben war voll Schmerz und so voller Trauer<br \/>\nund w\u00e4re deswegen vielleicht nur von kurzer Dauer gewesen<br \/>\nDenn wer st\u00e4ndig d\u00fcster denkt, wird selbst d\u00fcster werden<br \/>\nDas ist die dunkle Seite der Macht und ich hatte gedacht,<br \/>\nich werde auf ewig widerstehen<br \/>\nDoch vielleicht ist der Weg das Ziel und ich muss einsehen,<br \/>\ndass ich gar nicht anders kann, dass ich mich weiter ver\u00e4ndern muss<br \/>\nDie V\u00f6gel fliegen tief, es ist ein Engelskuss<br \/>\nUnd die Sonne geht auf und ich werde mehr sehen<br \/>\nZeit ist das Getriebe unser Lebensmaschine<br \/>\nIch kann nicht zur\u00fcck, und bleibe nicht stehen<br \/>\nDie Gedanken nach vorn und so voller Mut<br \/>\nIch tauche hinein und werde selbst gut<\/p>\n<p>Denn der Weg ist lang, doch die Zeit so begrenzt<br \/>\nIn der Schule des Lebens habe ich nur selten gegl\u00e4nzt,<br \/>\nAuf meiner Reise habe ich viele Fehler gemacht,<br \/>\ndoch ich wusste und habe daran gedacht,<br \/>\nich kann was erreichen und gab deswegen nicht auf<\/p>\n<p>Und wenn ich erwache, eines Morgens dann,<br \/>\nwerde ich einsehen, dass ich so vieles kann, dass ich so vieles bin<br \/>\nWie der Schatten in der Nacht, kann ich alles sein,<br \/>\ndenn Gedanken sind frei und ich bin dabei, etwas Gro\u00dfes zu erschaffen<br \/>\nWerde weitergehen, bis \u00fcber das Ziel hinaus<br \/>\nDer Sinn meines Lebens, ich mache was daraus<br \/>\nEs ist das Lebenselixier und meine Bestimmung,<br \/>\ndass ich nicht anders kann, als den Berg zu erklimmen<br \/>\nUnd ist der Weg auch steinig, ich halte nicht an<br \/>\nIch werde nicht kleinlich, sondern packe es an<br \/>\nDie Gedanken nach vorn und so voller Mut<br \/>\nIch tauche hinein und werde selbst gut<\/p>\n<p>Denn der Weg ist lang, doch die Zeit so begrenzt<br \/>\nIn der Schule des Lebens habe ich nur selten gegl\u00e4nzt,<br \/>\nAuf meiner Reise habe ich viele Fehler gemacht,<br \/>\ndoch ich wusste und habe daran gedacht,<br \/>\nich kann was erreichen und gab deswegen nicht auf<\/p>\n<p>Irgendwann bleib ich dann stehen und schaue zur\u00fcck<br \/>\nUnd ich werde sehen, es war doch mein Gl\u00fcck,<br \/>\nnicht aufzugeben, sondern mein Leben so zu leben,<br \/>\nwie ich es wollte, so wie es sein sollte<br \/>\nVielleicht h\u00e4tte ich manches anders getan,<br \/>\naber ich wei\u00df nicht viel \u00fcber den gro\u00dfen Plan<br \/>\nIch handle instinktiv, manchmal wohlbesonnen<br \/>\nUnd so habe ich am Ende den Preis gewonnen<br \/>\nEs ist der gr\u00f6\u00dfte Preis, den es f\u00fcr mich gibt,<br \/>\nauch wenn andere es nicht so sch\u00e4tzen, ich habe geliebt, was ich tat<br \/>\nIch sp\u00fcre keine Reue und keinen Verrat<br \/>\nDie Gedanken nach vorn und so voller Mut<br \/>\nIch tauche hinein und werde selbst gut<\/p>\n<p>Denn der Weg ist lang, doch die Zeit so begrenzt<br \/>\nIn der Schule des Lebens habe ich nur selten gegl\u00e4nzt,<br \/>\nAuf meiner Reise habe ich viele Fehler gemacht,<br \/>\ndoch ich wusste und habe daran gedacht,<br \/>\nich kann was erreichen und gab deswegen nicht auf<\/p>\n","protected":false},"excerpt":{"rendered":"<p>Anmerkung des Autors: Inspiriert wurde ich durch die Songtexte von Thomas D. Von Liedern wie \u201cLiebesbrief\u201d oder \u201cMillionen Legionen\u201d war ich derartig begeistert, dass ich versuchte, etwas Ebenb\u00fcrtiges zustande zu bekommen. Ob es mir gelungen ist, kann jeder selbst entscheiden. &nbsp; Mein Leben war voll Schmerz und so voller Trauer und w\u00e4re deswegen vielleicht nur [&hellip;]<\/p>\n","protected":false},"author":1,"featured_media":0,"parent":233,"menu_order":4,"comment_status":"open","ping_status":"closed","template":"","meta":{"footnotes":""},"class_list":["post-361","page","type-page","status-publish","hentry"],"_links":{"self":[{"href":"https:\/\/www.soeren-prescher.de\/index.php?rest_route=\/wp\/v2\/pages\/361","targetHints":{"allow":["GET"]}}],"collection":[{"href":"https:\/\/www.soeren-prescher.de\/index.php?rest_route=\/wp\/v2\/pages"}],"about":[{"href":"https:\/\/www.soeren-prescher.de\/index.php?rest_route=\/wp\/v2\/types\/page"}],"author":[{"embeddable":true,"href":"https:\/\/www.soeren-prescher.de\/index.php?rest_route=\/wp\/v2\/users\/1"}],"replies":[{"embeddable":true,"href":"https:\/\/www.soeren-prescher.de\/index.php?rest_route=%2Fwp%2Fv2%2Fcomments&post=361"}],"version-history":[{"count":0,"href":"https:\/\/www.soeren-prescher.de\/index.php?rest_route=\/wp\/v2\/pages\/361\/revisions"}],"up":[{"embeddable":true,"href":"https:\/\/www.soeren-prescher.de\/index.php?rest_route=\/wp\/v2\/pages\/233"}],"wp:attachment":[{"href":"https:\/\/www.soeren-prescher.de\/index.php?rest_route=%2Fwp%2Fv2%2Fmedia&parent=361"}],"curies":[{"name":"wp","href":"https:\/\/api.w.org\/{rel}","templated":true}]}}