{"id":358,"date":"2012-09-01T11:42:57","date_gmt":"2012-09-01T11:42:57","guid":{"rendered":"http:\/\/fictionmaster.rivido.de\/?page_id=358"},"modified":"2012-09-01T11:42:57","modified_gmt":"2012-09-01T11:42:57","slug":"ein-moment-fur-die-ewigkeit","status":"publish","type":"page","link":"https:\/\/www.soeren-prescher.de\/?page_id=358","title":{"rendered":"Ein Moment f\u00fcr die Ewigkeit"},"content":{"rendered":"<p>Lange Zeit hatte ich bef\u00fcrchtet,<br \/>\nes w\u00fcrde mich kein Hochgef\u00fchl mehr geben,<br \/>\nDoch du belehrst mich t\u00e4glich eines besseren.<\/p>\n<p>Dein Ex ist ein Idiot,<br \/>\naber ich bin ihm sehr dankbar,<br \/>\ndass er gegangen ist<\/p>\n<p>Ansonsten w\u00fcrde ich wohl nicht<br \/>\ndieses Leuchten in deinen Augen sehen<br \/>\nUnd das Gef\u00fchl haben, auf Wolken zu schweben<\/p>\n<p>Obwohl ich dich noch nicht lang kenne,<br \/>\nvermisse ich dich,<br \/>\nwann immer wir getrennt sind<br \/>\nDu machst meine Zeit zu etwas Wunderbarem<\/p>\n<p>Deinetwegen k\u00f6nnte ich weinen vor Freude<br \/>\nIch sp\u00fcre deutlich, dies k\u00f6nnte etwas Gro\u00dfes werden<br \/>\nAber ich habe Angst davor, dass es endet<br \/>\nJeder Augenblick mit dir ist unglaublich sch\u00f6n,<br \/>\nfast zu sch\u00f6n, um wahr zu sein<\/p>\n<p>Doch dann sp\u00fcre ich deine N\u00e4he,<br \/>\ndeine weichen Lippen auf meinen<br \/>\nAlle Zweifel werden zur Nebensache<br \/>\nIch schlie\u00dfe die Augen und hoffe,<br \/>\ndass dieser Moment f\u00fcr ewig bleibt<\/p>\n","protected":false},"excerpt":{"rendered":"<p>Lange Zeit hatte ich bef\u00fcrchtet, es w\u00fcrde mich kein Hochgef\u00fchl mehr geben, Doch du belehrst mich t\u00e4glich eines besseren. Dein Ex ist ein Idiot, aber ich bin ihm sehr dankbar, dass er gegangen ist Ansonsten w\u00fcrde ich wohl nicht dieses Leuchten in deinen Augen sehen Und das Gef\u00fchl haben, auf Wolken zu schweben Obwohl ich [&hellip;]<\/p>\n","protected":false},"author":1,"featured_media":0,"parent":233,"menu_order":2,"comment_status":"open","ping_status":"open","template":"","meta":{"footnotes":""},"class_list":["post-358","page","type-page","status-publish","hentry"],"_links":{"self":[{"href":"https:\/\/www.soeren-prescher.de\/index.php?rest_route=\/wp\/v2\/pages\/358","targetHints":{"allow":["GET"]}}],"collection":[{"href":"https:\/\/www.soeren-prescher.de\/index.php?rest_route=\/wp\/v2\/pages"}],"about":[{"href":"https:\/\/www.soeren-prescher.de\/index.php?rest_route=\/wp\/v2\/types\/page"}],"author":[{"embeddable":true,"href":"https:\/\/www.soeren-prescher.de\/index.php?rest_route=\/wp\/v2\/users\/1"}],"replies":[{"embeddable":true,"href":"https:\/\/www.soeren-prescher.de\/index.php?rest_route=%2Fwp%2Fv2%2Fcomments&post=358"}],"version-history":[{"count":0,"href":"https:\/\/www.soeren-prescher.de\/index.php?rest_route=\/wp\/v2\/pages\/358\/revisions"}],"up":[{"embeddable":true,"href":"https:\/\/www.soeren-prescher.de\/index.php?rest_route=\/wp\/v2\/pages\/233"}],"wp:attachment":[{"href":"https:\/\/www.soeren-prescher.de\/index.php?rest_route=%2Fwp%2Fv2%2Fmedia&parent=358"}],"curies":[{"name":"wp","href":"https:\/\/api.w.org\/{rel}","templated":true}]}}