{"id":312,"date":"2012-08-26T18:11:59","date_gmt":"2012-08-26T16:11:59","guid":{"rendered":"http:\/\/fictionmaster.rivido.de\/?page_id=312"},"modified":"2019-01-28T18:42:16","modified_gmt":"2019-01-28T17:42:16","slug":"interviews","status":"publish","type":"page","link":"https:\/\/www.soeren-prescher.de\/?page_id=312","title":{"rendered":"Interviews"},"content":{"rendered":"<p>Nachfolgend eine kleine Auflistung von Interviews mit mir w\u00e4hrend der vergangenen Jahre (ohne Anspruch auf Vollst\u00e4ndigkeit):<\/p>\n<p><a href=\"https:\/\/www.geisterspiegel.de\/?p=43059\" target=\"_blank\" rel=\"noopener\">Geisterspiegel-Interview zum Roman &#8222;Die Verschw\u00f6rung der Schatten&#8220; (7.2.2018)<\/a><\/p>\n<p><a href=\"http:\/\/www.shootingbooksandmore.at\/articles\/2017\/11\/Autoreninterview32_Soeren_Prescher.php\" target=\"_blank\" rel=\"noopener\">Autorenportr\u00e4t bei &#8222;Shootings, books and more&#8220; (1.11.2017)<\/a><\/p>\n<p><a href=\"https:\/\/zweifragezeichen.wordpress.com\/2017\/07\/23\/zwei-fragezeichen-an-soeren-prescher\/\" target=\"_blank\" rel=\"noopener\">&#8222;Zwei Fragezeichen&#8220;-Interview (23.7.2017)<\/a><\/p>\n<p><a href=\"http:\/\/www.zauberspiegel-online.de\/index.php\/frage-antwort\/im-gesprch-mit-mainmenu-179\/25627-soeren-prescher-ueber-das-schreiben-dampf-und-vorstellungen\" target=\"_blank\" rel=\"noopener\">Zauberspiegel-Interview zum Roman &#8222;Der Flug der Archimedes (29.5.2015)<\/a><\/p>\n<p><a title=\"Fantasyguide: Interview zu &quot;Der Fall Nemesis&quot;\" href=\"http:\/\/www.fantasyguide.de\/11490.0.html\" target=\"_blank\" rel=\"noopener\">Fantasyguide-Interview zum Roman &#8222;Der Fall Nemesis (29.1.2011)<\/a><\/p>\n<p>&nbsp;<\/p>\n<p><a title=\"Lesekatzen: Interview mit Gerde Forster \u00fcber S\u00f6ren Prescher\" href=\"http:\/\/lesekatzen.blogspot.de\/2014\/07\/interview-gerde-foster-uber-soren.html\" target=\"_blank\" rel=\"noopener\"><span style=\"color: #999999;\">Lesekatzen-Interview zum Roman &#8222;Der Flug der Archimedes&#8220; (27.7.2014)<\/span><\/a><\/p>\n<p><span style=\"color: #999999;\"><a style=\"color: #999999;\" title=\"Cthulhu Libria 61\" href=\"http:\/\/cthulhulibria.files.wordpress.com\/2014\/02\/cthulhu-libria-61.pdf\" target=\"_blank\" rel=\"noopener\">Cthulhu-Libria-Interview zum Roman &#8222;Der Flug der Archimedes&#8220; (27.2.2014)<\/a><\/span><\/p>\n<p><span style=\"color: #999999;\"><a style=\"color: #999999;\" title=\"Literra: Interview zum &quot;Flug der Archimedes&quot;\" href=\"http:\/\/www.literra.info\/interviews\/interview.php?id=338\" target=\"_blank\" rel=\"noopener\">Literra-Interview zum Roman &#8222;Der Flug der Archimedes&#8220; (15.2.2014)<\/a><\/span><\/p>\n<p><span style=\"color: #999999;\"><a style=\"color: #999999;\" title=\"Literra: Interview zum Kaffeepausengeschichten-Band 11\" href=\"http:\/\/www.literra.info\/interviews\/interview.php?id=331\" target=\"_blank\" rel=\"noopener\">Literra-Interview zum Kaffeepausengeschichten-Band 11 (23.1.2014)<\/a><\/span><\/p>\n<p><span style=\"color: #999999;\"><a style=\"color: #999999;\" title=\"Literra: Interview zum Thema Steampunk\" href=\"http:\/\/www.literra.info\/kolumnen\/kolumne.php?id=1046\" target=\"_blank\" rel=\"noopener\">Literra-Interview zum Thema Steampunk (19.12.2012)<\/a><\/span><\/p>\n<p><span style=\"color: #999999;\"><a style=\"color: #999999;\" title=\"Literra: Interview vom Januar 2012\" href=\"http:\/\/www.literra.info\/interviews\/interview.php?id=194\" target=\"_blank\" rel=\"noopener\">Literra-Interview zu verschiedenen Themen (10.1.2012)<\/a><\/span><\/p>\n<p style=\"text-align: center;\">*<\/p>\n<p>Seit einigen Jahren f\u00fchre ich Interviews f\u00fcr die N\u00fcrnberger Musik- und Kulturzeitschrift RCN (fr\u00fcher: &#8222;Rock City News&#8220;). Jedes Mal, wenn ich die Gelegenheit bekam, einen interessanten K\u00fcnstler zu interviewen, stellte ich ihm m\u00f6glichst viele Fragen. Leider hatte ich trotzdem fest vorgeschriebene Artikell\u00e4ngen und sehr oft blieb eine Menge interessantes Interview-Material ungenutzt und unver\u00f6ffentlicht. Interessierte Leser k\u00f6nnen sich hier eine Auswahl dieser Interviews in ungek\u00fcrzter Form durchlesen.<\/p>\n<h2>Interview mit&#8230;<\/h2>\n<ul>\n<li><strong><a href=\"http:\/\/fictionmaster.rivido.de\/wp-content\/uploads\/2012\/08\/Interview_Threshold.pdf\">Richard West<\/a><\/strong> von der Progressiv-Metal-Band Threshold (27.8.2002)<\/li>\n<li><strong><a href=\"http:\/\/fictionmaster.rivido.de\/wp-content\/uploads\/2012\/08\/Interview_4Lyn_290902.pdf\">Ron Clauss<\/a><\/strong>, S\u00e4nger der Rockband 4Lyn (29.9.2002)<\/li>\n<li><strong><a href=\"http:\/\/fictionmaster.rivido.de\/wp-content\/uploads\/2012\/08\/Interview_EZIO.pdf\">Mark \u201cBooga\u201d Fowell<\/a><\/strong>, Gitarrist der Rockband Ezio (24.1.2003)<\/li>\n<li>Comedian <strong><a href=\"http:\/\/fictionmaster.rivido.de\/wp-content\/uploads\/2012\/08\/Interview_Jess_Jochimsen.pdf\">Jess Jochimsen<\/a><\/strong> (9.2.2003)<\/li>\n<li>Comedian <strong><a href=\"http:\/\/fictionmaster.rivido.de\/wp-content\/uploads\/2012\/08\/Interview_DieterNuhr.pdf\">Dieter Nuhr<\/a><\/strong> (2.12.2003)<\/li>\n<li><strong><a href=\"http:\/\/fictionmaster.rivido.de\/wp-content\/uploads\/2012\/08\/Interview_4Lyn_190404.pdf\">Ron Clauss<\/a><\/strong>, S\u00e4nger der Rockband 4Lyn (19.4.2004)<\/li>\n<li>Comedian <strong><a href=\"http:\/\/fictionmaster.rivido.de\/wp-content\/uploads\/2012\/08\/Interview_MarioBarth.pdf\">Mario Barth<\/a><\/strong> (9.11.2004)<\/li>\n<li><strong><a href=\"http:\/\/fictionmaster.rivido.de\/wp-content\/uploads\/2012\/08\/Interview_4Lyn_110106.pdf\">Ron Clauss<\/a><\/strong>, S\u00e4nger der Rockband 4Lyn (11.1.2006)<\/li>\n<li>der Band <strong><a href=\"http:\/\/fictionmaster.rivido.de\/wp-content\/uploads\/2012\/08\/Interview_Silbermond_151106.pdf\">Silbermond<\/a><\/strong> (15.11.2006)<\/li>\n<\/ul>\n<h2>Sonstiges<\/h2>\n<ul>\n<li>Ausf\u00fchrliche <strong><a href=\"http:\/\/fictionmaster.rivido.de\/wp-content\/uploads\/2012\/08\/MandoDiao_NeverSeenTheLightOfDay_detailliert.pdf\">CD-Rezension<\/a><\/strong> (Track by Track) der Listening Session des 2007er Mando Diao-Albums &#8222;Never seen the light of day&#8220;<\/li>\n<li>unver\u00f6ffentlichter <strong><a href=\"http:\/\/fictionmaster.rivido.de\/wp-content\/uploads\/2012\/08\/MandoDiao_SpecialEditions.pdf\">Artikel<\/a><\/strong> \u00fcber die Angewohnheit der Plattenfirmen, st\u00e4ndig verschiedene CD-Fassungen herauszubringen<\/li>\n<\/ul>\n","protected":false},"excerpt":{"rendered":"<p>Nachfolgend eine kleine Auflistung von Interviews mit mir w\u00e4hrend der vergangenen Jahre (ohne Anspruch auf Vollst\u00e4ndigkeit): Geisterspiegel-Interview zum Roman &#8222;Die Verschw\u00f6rung der Schatten&#8220; (7.2.2018) Autorenportr\u00e4t bei &#8222;Shootings, books and more&#8220; (1.11.2017) &#8222;Zwei Fragezeichen&#8220;-Interview (23.7.2017) Zauberspiegel-Interview zum Roman &#8222;Der Flug der Archimedes (29.5.2015) Fantasyguide-Interview zum Roman &#8222;Der Fall Nemesis (29.1.2011) &nbsp; Lesekatzen-Interview zum Roman &#8222;Der Flug [&hellip;]<\/p>\n","protected":false},"author":1,"featured_media":0,"parent":0,"menu_order":5,"comment_status":"open","ping_status":"open","template":"","meta":{"footnotes":""},"class_list":["post-312","page","type-page","status-publish","hentry"],"_links":{"self":[{"href":"https:\/\/www.soeren-prescher.de\/index.php?rest_route=\/wp\/v2\/pages\/312","targetHints":{"allow":["GET"]}}],"collection":[{"href":"https:\/\/www.soeren-prescher.de\/index.php?rest_route=\/wp\/v2\/pages"}],"about":[{"href":"https:\/\/www.soeren-prescher.de\/index.php?rest_route=\/wp\/v2\/types\/page"}],"author":[{"embeddable":true,"href":"https:\/\/www.soeren-prescher.de\/index.php?rest_route=\/wp\/v2\/users\/1"}],"replies":[{"embeddable":true,"href":"https:\/\/www.soeren-prescher.de\/index.php?rest_route=%2Fwp%2Fv2%2Fcomments&post=312"}],"version-history":[{"count":2,"href":"https:\/\/www.soeren-prescher.de\/index.php?rest_route=\/wp\/v2\/pages\/312\/revisions"}],"predecessor-version":[{"id":633,"href":"https:\/\/www.soeren-prescher.de\/index.php?rest_route=\/wp\/v2\/pages\/312\/revisions\/633"}],"wp:attachment":[{"href":"https:\/\/www.soeren-prescher.de\/index.php?rest_route=%2Fwp%2Fv2%2Fmedia&parent=312"}],"curies":[{"name":"wp","href":"https:\/\/api.w.org\/{rel}","templated":true}]}}

<p>Nachfolgend eine kleine Auflistung von Interviews mit mir während der vergangenen Jahre (ohne Anspruch auf Vollständigkeit):</p>
<p><a href="https://www.geisterspiegel.de/?p=43059" target="_blank" rel="noopener">Geisterspiegel-Interview zum Roman &#8222;Die Verschwörung der Schatten&#8220; (7.2.2018)</a></p>
<p><a href="http://www.shootingbooksandmore.at/articles/2017/11/Autoreninterview32_Soeren_Prescher.php" target="_blank" rel="noopener">Autorenporträt bei &#8222;Shootings, books and more&#8220; (1.11.2017)</a></p>
<p><a href="https://zweifragezeichen.wordpress.com/2017/07/23/zwei-fragezeichen-an-soeren-prescher/" target="_blank" rel="noopener">&#8222;Zwei Fragezeichen&#8220;-Interview (23.7.2017)</a></p>
<p><a href="http://www.zauberspiegel-online.de/index.php/frage-antwort/im-gesprch-mit-mainmenu-179/25627-soeren-prescher-ueber-das-schreiben-dampf-und-vorstellungen" target="_blank" rel="noopener">Zauberspiegel-Interview zum Roman &#8222;Der Flug der Archimedes (29.5.2015)</a></p>
<p><a title="Fantasyguide: Interview zu &quot;Der Fall Nemesis&quot;" href="http://www.fantasyguide.de/11490.0.html" target="_blank" rel="noopener">Fantasyguide-Interview zum Roman &#8222;Der Fall Nemesis (29.1.2011)</a></p>
<p>&nbsp;</p>
<p><a title="Lesekatzen: Interview mit Gerde Forster über Sören Prescher" href="http://lesekatzen.blogspot.de/2014/07/interview-gerde-foster-uber-soren.html" target="_blank" rel="noopener"><span style="color: #999999;">Lesekatzen-Interview zum Roman &#8222;Der Flug der Archimedes&#8220; (27.7.2014)</span></a></p>
<p><span style="color: #999999;"><a style="color: #999999;" title="Cthulhu Libria 61" href="http://cthulhulibria.files.wordpress.com/2014/02/cthulhu-libria-61.pdf" target="_blank" rel="noopener">Cthulhu-Libria-Interview zum Roman &#8222;Der Flug der Archimedes&#8220; (27.2.2014)</a></span></p>
<p><span style="color: #999999;"><a style="color: #999999;" title="Literra: Interview zum &quot;Flug der Archimedes&quot;" href="http://www.literra.info/interviews/interview.php?id=338" target="_blank" rel="noopener">Literra-Interview zum Roman &#8222;Der Flug der Archimedes&#8220; (15.2.2014)</a></span></p>
<p><span style="color: #999999;"><a style="color: #999999;" title="Literra: Interview zum Kaffeepausengeschichten-Band 11" href="http://www.literra.info/interviews/interview.php?id=331" target="_blank" rel="noopener">Literra-Interview zum Kaffeepausengeschichten-Band 11 (23.1.2014)</a></span></p>
<p><span style="color: #999999;"><a style="color: #999999;" title="Literra: Interview zum Thema Steampunk" href="http://www.literra.info/kolumnen/kolumne.php?id=1046" target="_blank" rel="noopener">Literra-Interview zum Thema Steampunk (19.12.2012)</a></span></p>
<p><span style="color: #999999;"><a style="color: #999999;" title="Literra: Interview vom Januar 2012" href="http://www.literra.info/interviews/interview.php?id=194" target="_blank" rel="noopener">Literra-Interview zu verschiedenen Themen (10.1.2012)</a></span></p>
<p style="text-align: center;">*</p>
<p>Seit einigen Jahren führe ich Interviews für die Nürnberger Musik- und Kulturzeitschrift RCN (früher: &#8222;Rock City News&#8220;). Jedes Mal, wenn ich die Gelegenheit bekam, einen interessanten Künstler zu interviewen, stellte ich ihm möglichst viele Fragen. Leider hatte ich trotzdem fest vorgeschriebene Artikellängen und sehr oft blieb eine Menge interessantes Interview-Material ungenutzt und unveröffentlicht. Interessierte Leser können sich hier eine Auswahl dieser Interviews in ungekürzter Form durchlesen.</p>
<h2>Interview mit&#8230;</h2>
<ul>
<li><strong><a href="http://fictionmaster.rivido.de/wp-content/uploads/2012/08/Interview_Threshold.pdf">Richard West</a></strong> von der Progressiv-Metal-Band Threshold (27.8.2002)</li>
<li><strong><a href="http://fictionmaster.rivido.de/wp-content/uploads/2012/08/Interview_4Lyn_290902.pdf">Ron Clauss</a></strong>, Sänger der Rockband 4Lyn (29.9.2002)</li>
<li><strong><a href="http://fictionmaster.rivido.de/wp-content/uploads/2012/08/Interview_EZIO.pdf">Mark “Booga” Fowell</a></strong>, Gitarrist der Rockband Ezio (24.1.2003)</li>
<li>Comedian <strong><a href="http://fictionmaster.rivido.de/wp-content/uploads/2012/08/Interview_Jess_Jochimsen.pdf">Jess Jochimsen</a></strong> (9.2.2003)</li>
<li>Comedian <strong><a href="http://fictionmaster.rivido.de/wp-content/uploads/2012/08/Interview_DieterNuhr.pdf">Dieter Nuhr</a></strong> (2.12.2003)</li>
<li><strong><a href="http://fictionmaster.rivido.de/wp-content/uploads/2012/08/Interview_4Lyn_190404.pdf">Ron Clauss</a></strong>, Sänger der Rockband 4Lyn (19.4.2004)</li>
<li>Comedian <strong><a href="http://fictionmaster.rivido.de/wp-content/uploads/2012/08/Interview_MarioBarth.pdf">Mario Barth</a></strong> (9.11.2004)</li>
<li><strong><a href="http://fictionmaster.rivido.de/wp-content/uploads/2012/08/Interview_4Lyn_110106.pdf">Ron Clauss</a></strong>, Sänger der Rockband 4Lyn (11.1.2006)</li>
<li>der Band <strong><a href="http://fictionmaster.rivido.de/wp-content/uploads/2012/08/Interview_Silbermond_151106.pdf">Silbermond</a></strong> (15.11.2006)</li>
</ul>
<h2>Sonstiges</h2>
<ul>
<li>Ausführliche <strong><a href="http://fictionmaster.rivido.de/wp-content/uploads/2012/08/MandoDiao_NeverSeenTheLightOfDay_detailliert.pdf">CD-Rezension</a></strong> (Track by Track) der Listening Session des 2007er Mando Diao-Albums &#8222;Never seen the light of day&#8220;</li>
<li>unveröffentlichter <strong><a href="http://fictionmaster.rivido.de/wp-content/uploads/2012/08/MandoDiao_SpecialEditions.pdf">Artikel</a></strong> über die Angewohnheit der Plattenfirmen, ständig verschiedene CD-Fassungen herauszubringen</li>
</ul>

<p>Nachfolgend eine kleine Auflistung von Interviews mit mir während der vergangenen Jahre (ohne Anspruch auf Vollständigkeit): Geisterspiegel-Interview zum Roman &#8222;Die Verschwörung der Schatten&#8220; (7.2.2018) Autorenporträt bei &#8222;Shootings, books and more&#8220; (1.11.2017) &#8222;Zwei Fragezeichen&#8220;-Interview (23.7.2017) Zauberspiegel-Interview zum Roman &#8222;Der Flug der Archimedes (29.5.2015) Fantasyguide-Interview zum Roman &#8222;Der Fall Nemesis (29.1.2011) &nbsp; Lesekatzen-Interview zum Roman &#8222;Der Flug [&hellip;]</p>
