{"id":3049,"date":"2026-03-20T16:26:09","date_gmt":"2026-03-20T15:26:09","guid":{"rendered":"https:\/\/www.soeren-prescher.de\/?page_id=3049"},"modified":"2026-03-20T16:47:48","modified_gmt":"2026-03-20T15:47:48","slug":"zahlenmord-auf-norderney","status":"publish","type":"page","link":"https:\/\/www.soeren-prescher.de\/?page_id=3049","title":{"rendered":"Zahlenmord auf Norderney"},"content":{"rendered":"<p><a href=\"https:\/\/amzn.to\/4sXJ7a6\" target=\"_blank\" rel=\"noopener\"><img loading=\"lazy\" decoding=\"async\" class=\"alignright wp-image-3050 size-medium\" src=\"https:\/\/www.soeren-prescher.de\/wp-content\/uploads\/2026\/03\/Zahlenmord-auf-Norderney-Cover_1-256x360.jpg\" alt=\"\" width=\"256\" height=\"360\" srcset=\"https:\/\/www.soeren-prescher.de\/wp-content\/uploads\/2026\/03\/Zahlenmord-auf-Norderney-Cover_1-256x360.jpg 256w, https:\/\/www.soeren-prescher.de\/wp-content\/uploads\/2026\/03\/Zahlenmord-auf-Norderney-Cover_1-341x480.jpg 341w, https:\/\/www.soeren-prescher.de\/wp-content\/uploads\/2026\/03\/Zahlenmord-auf-Norderney-Cover_1-600x844.jpg 600w, https:\/\/www.soeren-prescher.de\/wp-content\/uploads\/2026\/03\/Zahlenmord-auf-Norderney-Cover_1.jpg 635w\" sizes=\"auto, (max-width: 256px) 100vw, 256px\" \/><\/a><\/p>\n<p><span class=\"a-text-bold\">\u00bbVerschl\u00fcsselte Zahlen-Buchstaben-Kombinationen im Notizbuch \u2013 wem oder was war der Tote auf der Spur?<\/span><span class=\"a-text-bold\">\u00ab<br \/>\n<\/span><br \/>\nDer Rentner Olaf V\u00f6lkel sitzt ermordet im Kurpark von Norderney. Bei der Befragung seiner Ehefrau erfahren die beiden Kommissare Annika Broder und Nick Straten von der Insel Wache, dass sich der Tote schon seit einiger Zeit bedroht f\u00fchlte. War der Urlaub auf die Nordseeinsel eine Art Flucht? Und als w\u00e4re das alles nicht genug, soll Olaf V\u00f6lkel vor vielen Jahren f\u00fcr den Geheimdienst gearbeitet haben. Liegt das Motiv f\u00fcr den Mord in seiner Vergangenheit? Im Notizbuch des Toten finden sich kryptische Nummern, die einfach keinen Sinn ergeben. Die Zahlen k\u00f6nnen der Schl\u00fcssel zu allem sein \u2026<\/p>\n<p>Spannung pur im neuen Fall der INSEL-Wache!<\/p>\n<p>Jetzt bei <a href=\"https:\/\/amzn.to\/49Bp76U\" target=\"_blank\" rel=\"noopener\"><strong>Amazon<\/strong><\/a> bestellen!<\/p>\n<p><strong>Julia Brunjes &#8211; Zahlenmord auf Norderney<\/strong><br \/>\nASIN \u200f : <span class=\"a-list-item\"> B0GRD5PV7N<\/span><br \/>\nHerausgeber \u200f : \u200e Klarant Verlag<br \/>\nErscheinungstermin: 6. M\u00e4rz 2026<br \/>\nScreenreader: \u200e Unterst\u00fctzt<br \/>\nVerbesserter Schriftsatz: \u200e Aktiviert<br \/>\nSeitenzahl der Print-Ausgabe: \u200e 148 Seiten<br \/>\nISBN-13: \u200e 978-3689754884<br \/>\nPageFlip: \u200e Aktiviert<br \/>\nBuch 10 von 10: \u200e Die INSEL Wache<\/p>\n<p>Unter anderem erh\u00e4ltlich bei <a href=\"https:\/\/amzn.to\/4sXJ7a6\" target=\"_blank\" rel=\"noopener\">Amazon<\/a>, <a href=\"https:\/\/www.awin1.com\/cread.php?awinmid=14158&amp;awinaffid=387835&amp;clickref=NLK&amp;p=[[https%253A%252F%252Fwww.thalia.de%252Fshop%252Fhome%252Fartikeldetails%252FEAN9783689754884%252F]]\" target=\"_blank\" rel=\"noopener\">Thalia<\/a>, <a href=\"https:\/\/www.hugendubel.de\/de\/ebook_epub\/julia_brunjes-zahlenmord_auf_norderney_ostfrieslandkrimi_inselkrimi_nordseekrimi-52695214-produkt-details.html\" target=\"_blank\" rel=\"noopener\">Hugendubel<\/a> und <a href=\"https:\/\/www.kobo.com\/de\/de\/ebook\/zahlenmord-auf-norderney-ostfrieslandkrimi-inselkrimi-nordseekrimi\" target=\"_blank\" rel=\"noopener\">Kobo<\/a>.<\/p>\n<p>Eine \u00dcbersicht \u00fcber die Reihenfolge der B\u00fccher gibt es <a href=\"https:\/\/www.ostfrieslandkrimi.de\/julia-brunjes-die-insel-wache\/\" target=\"_blank\" rel=\"noopener noreferrer\">hier<\/a>.<\/p>\n","protected":false},"excerpt":{"rendered":"<p>\u00bbVerschl\u00fcsselte Zahlen-Buchstaben-Kombinationen im Notizbuch \u2013 wem oder was war der Tote auf der Spur?\u00ab Der Rentner Olaf V\u00f6lkel sitzt ermordet im Kurpark von Norderney. Bei der Befragung seiner Ehefrau erfahren die beiden Kommissare Annika Broder und Nick Straten von der Insel Wache, dass sich der Tote schon seit einiger Zeit bedroht f\u00fchlte. War der Urlaub [&hellip;]<\/p>\n","protected":false},"author":2,"featured_media":0,"parent":0,"menu_order":0,"comment_status":"closed","ping_status":"closed","template":"","meta":{"footnotes":""},"class_list":["post-3049","page","type-page","status-publish","hentry"],"_links":{"self":[{"href":"https:\/\/www.soeren-prescher.de\/index.php?rest_route=\/wp\/v2\/pages\/3049","targetHints":{"allow":["GET"]}}],"collection":[{"href":"https:\/\/www.soeren-prescher.de\/index.php?rest_route=\/wp\/v2\/pages"}],"about":[{"href":"https:\/\/www.soeren-prescher.de\/index.php?rest_route=\/wp\/v2\/types\/page"}],"author":[{"embeddable":true,"href":"https:\/\/www.soeren-prescher.de\/index.php?rest_route=\/wp\/v2\/users\/2"}],"replies":[{"embeddable":true,"href":"https:\/\/www.soeren-prescher.de\/index.php?rest_route=%2Fwp%2Fv2%2Fcomments&post=3049"}],"version-history":[{"count":4,"href":"https:\/\/www.soeren-prescher.de\/index.php?rest_route=\/wp\/v2\/pages\/3049\/revisions"}],"predecessor-version":[{"id":3055,"href":"https:\/\/www.soeren-prescher.de\/index.php?rest_route=\/wp\/v2\/pages\/3049\/revisions\/3055"}],"wp:attachment":[{"href":"https:\/\/www.soeren-prescher.de\/index.php?rest_route=%2Fwp%2Fv2%2Fmedia&parent=3049"}],"curies":[{"name":"wp","href":"https:\/\/api.w.org\/{rel}","templated":true}]}}

<p><a href="https://amzn.to/4sXJ7a6" target="_blank" rel="noopener"><img loading="lazy" decoding="async" class="alignright wp-image-3050 size-medium" src="https://www.soeren-prescher.de/wp-content/uploads/2026/03/Zahlenmord-auf-Norderney-Cover_1-256x360.jpg" alt="" width="256" height="360" srcset="https://www.soeren-prescher.de/wp-content/uploads/2026/03/Zahlenmord-auf-Norderney-Cover_1-256x360.jpg 256w, https://www.soeren-prescher.de/wp-content/uploads/2026/03/Zahlenmord-auf-Norderney-Cover_1-341x480.jpg 341w, https://www.soeren-prescher.de/wp-content/uploads/2026/03/Zahlenmord-auf-Norderney-Cover_1-600x844.jpg 600w, https://www.soeren-prescher.de/wp-content/uploads/2026/03/Zahlenmord-auf-Norderney-Cover_1.jpg 635w" sizes="auto, (max-width: 256px) 100vw, 256px" /></a></p>
<p><span class="a-text-bold">»Verschlüsselte Zahlen-Buchstaben-Kombinationen im Notizbuch – wem oder was war der Tote auf der Spur?</span><span class="a-text-bold">«<br />
</span><br />
Der Rentner Olaf Völkel sitzt ermordet im Kurpark von Norderney. Bei der Befragung seiner Ehefrau erfahren die beiden Kommissare Annika Broder und Nick Straten von der Insel Wache, dass sich der Tote schon seit einiger Zeit bedroht fühlte. War der Urlaub auf die Nordseeinsel eine Art Flucht? Und als wäre das alles nicht genug, soll Olaf Völkel vor vielen Jahren für den Geheimdienst gearbeitet haben. Liegt das Motiv für den Mord in seiner Vergangenheit? Im Notizbuch des Toten finden sich kryptische Nummern, die einfach keinen Sinn ergeben. Die Zahlen können der Schlüssel zu allem sein …</p>
<p>Spannung pur im neuen Fall der INSEL-Wache!</p>
<p>Jetzt bei <a href="https://amzn.to/49Bp76U" target="_blank" rel="noopener"><strong>Amazon</strong></a> bestellen!</p>
<p><strong>Julia Brunjes &#8211; Zahlenmord auf Norderney</strong><br />
ASIN ‏ : <span class="a-list-item"> B0GRD5PV7N</span><br />
Herausgeber ‏ : ‎ Klarant Verlag<br />
Erscheinungstermin: 6. März 2026<br />
Screenreader: ‎ Unterstützt<br />
Verbesserter Schriftsatz: ‎ Aktiviert<br />
Seitenzahl der Print-Ausgabe: ‎ 148 Seiten<br />
ISBN-13: ‎ 978-3689754884<br />
PageFlip: ‎ Aktiviert<br />
Buch 10 von 10: ‎ Die INSEL Wache</p>
<p>Unter anderem erhältlich bei <a href="https://amzn.to/4sXJ7a6" target="_blank" rel="noopener">Amazon</a>, <a href="https://www.awin1.com/cread.php?awinmid=14158&amp;awinaffid=387835&amp;clickref=NLK&amp;p=[[https%253A%252F%252Fwww.thalia.de%252Fshop%252Fhome%252Fartikeldetails%252FEAN9783689754884%252F]]" target="_blank" rel="noopener">Thalia</a>, <a href="https://www.hugendubel.de/de/ebook_epub/julia_brunjes-zahlenmord_auf_norderney_ostfrieslandkrimi_inselkrimi_nordseekrimi-52695214-produkt-details.html" target="_blank" rel="noopener">Hugendubel</a> und <a href="https://www.kobo.com/de/de/ebook/zahlenmord-auf-norderney-ostfrieslandkrimi-inselkrimi-nordseekrimi" target="_blank" rel="noopener">Kobo</a>.</p>
<p>Eine Übersicht über die Reihenfolge der Bücher gibt es <a href="https://www.ostfrieslandkrimi.de/julia-brunjes-die-insel-wache/" target="_blank" rel="noopener noreferrer">hier</a>.</p>

<p>»Verschlüsselte Zahlen-Buchstaben-Kombinationen im Notizbuch – wem oder was war der Tote auf der Spur?« Der Rentner Olaf Völkel sitzt ermordet im Kurpark von Norderney. Bei der Befragung seiner Ehefrau erfahren die beiden Kommissare Annika Broder und Nick Straten von der Insel Wache, dass sich der Tote schon seit einiger Zeit bedroht fühlte. War der Urlaub [&hellip;]</p>
