{"id":3040,"date":"2026-03-20T16:13:07","date_gmt":"2026-03-20T15:13:07","guid":{"rendered":"https:\/\/www.soeren-prescher.de\/?page_id=3040"},"modified":"2026-04-23T17:14:35","modified_gmt":"2026-04-23T16:14:35","slug":"mordsluegen-in-ostfriesland","status":"publish","type":"page","link":"https:\/\/www.soeren-prescher.de\/?page_id=3040","title":{"rendered":"Mordsl\u00fcgen in Ostfriesland"},"content":{"rendered":"<p><a href=\"https:\/\/amzn.to\/4sBHAX0\" target=\"_blank\" rel=\"noopener\"><img loading=\"lazy\" decoding=\"async\" class=\"alignright wp-image-3041 size-medium\" src=\"https:\/\/www.soeren-prescher.de\/wp-content\/uploads\/2026\/03\/OFK6-cover-257x360.jpg\" alt=\"\" width=\"257\" height=\"360\" srcset=\"https:\/\/www.soeren-prescher.de\/wp-content\/uploads\/2026\/03\/OFK6-cover-257x360.jpg 257w, https:\/\/www.soeren-prescher.de\/wp-content\/uploads\/2026\/03\/OFK6-cover-343x480.jpg 343w, https:\/\/www.soeren-prescher.de\/wp-content\/uploads\/2026\/03\/OFK6-cover-768x1075.jpg 768w, https:\/\/www.soeren-prescher.de\/wp-content\/uploads\/2026\/03\/OFK6-cover-600x840.jpg 600w, https:\/\/www.soeren-prescher.de\/wp-content\/uploads\/2026\/03\/OFK6-cover-1024x1433.jpg 1024w, https:\/\/www.soeren-prescher.de\/wp-content\/uploads\/2026\/03\/OFK6-cover.jpg 1072w\" sizes=\"auto, (max-width: 257px) 100vw, 257px\" \/><\/a><\/p>\n<p><em><strong>Der sechste Fall f\u00fcr die Kripo Ostfriesland<\/strong><\/em><\/p>\n<p><span class=\"a-text-bold\">\u00bbErz\u00e4hlte Ihnen die Witwe Mordsl\u00fcgen?<\/span><span class=\"a-text-bold\">\u00ab<\/span><\/p>\n<p>Im Wittmunder Wald finden Spazierg\u00e4nger eine m\u00e4nnliche Leiche. Die Kommissare Henning Karloff und Maren Jansen sind verbl\u00fcfft, denn Helge Fehrenbach gilt bereits seit drei Jahren als verstorben. Seit dem Tag, als er angeblich von der F\u00e4hre nach Langeoog in die Nordsee st\u00fcrzte und ertrank.<br \/>\nDoch niemand kann zweimal sterben. Die Witwe wirkt zun\u00e4chst \u00fcberaus schockiert, als die Ermittler sie mit dem Mord an ihrem Mann konfrontieren. Aber nach und nach tauchen Zweifel an ihrer Glaubw\u00fcrdigkeit auf. Und dann machen die Kripo eine \u00fcberraschende Entdeckung: Helge Fehrenbach lebte die vergangenen drei Jahre unter anderem Namen mitten in Ostfriesland! Ist er damals wegen einer drohenden Gefahr untergetaucht?<\/p>\n<p>Info:<br \/>\nMordsl\u00fcgen in Ostfriesland &#8211; Kripo Ostfriesland, Band 6<br \/>\n130 Seiten, Deutsch<br \/>\nKlarant Verlag<br \/>\nTaschenbuch-ISBN: 978-3-68975-363-4<br \/>\neBook-ISBN: 978-3-68975-364-1<br \/>\nErscheinungsdatum: M\u00e4rz 2026<\/p>\n<p>An <a href=\"https:\/\/www.soeren-prescher.de\/wp-content\/uploads\/2025\/06\/OFK3-Nachwort.pdf\" target=\"_blank\" rel=\"noopener\"><strong>dieser<\/strong><\/a> Stelle gibt es ein exklusives Nachwort, das es nicht in die Endfassung des Buchs geschafft hat.<\/p>\n<p>Auf <strong>Ostfrieslandkrimi.de<\/strong> gibt es ein kleines <a href=\"https:\/\/www.ostfrieslandkrimi.de\/mordsluegen-in-ostfriesland-der-neue-ostfrieslandkrimi-von-soeren-prescher\/\" target=\"_blank\" rel=\"noopener\"><strong>Interview<\/strong><\/a> zum Roman. Die Pressemeldung findet sich <a href=\"https:\/\/www.openpr.de\/news\/1298366\/Neuerscheinung-Ostfrieslandkrimi-Mord-in-Grossheide-von-Soeren-Prescher-im-Klarant-Verlag.html\" target=\"_blank\" rel=\"noopener\"><strong>hier<\/strong><\/a>.<\/p>\n<p>Der Roman ist sowohl im eBook-Format als auch als Taschenbuch erh\u00e4ltlich.<br \/>\nUnter anderem bei <a href=\"https:\/\/amzn.to\/4sBHAX0\" target=\"_blank\" rel=\"noopener\"><strong>Amazon<\/strong><\/a><strong>, <a href=\"https:\/\/www.awin1.com\/cread.php?awinmid=14158&amp;awinaffid=387835&amp;clickref=NLK&amp;p=[[https%253A%252F%252Fwww.thalia.de%252Fshop%252Fhome%252Fartikeldetails%252FEAN9783689754938%252F]]\" target=\"_blank\" rel=\"noopener\">Thalia<\/a>, <a href=\"https:\/\/www.hugendubel.de\/de\/ebook_epub\/soeren_prescher-mordsluegen_in_ostfriesland_ostfrieslandkrimi_kuestenkrimi_nordseekrimi-52786992-produkt-details.html\" target=\"_blank\" rel=\"noopener\">Hugendubel<\/a> <\/strong>und <a href=\"https:\/\/www.kobo.com\/de\/de\/ebook\/mordslugen-in-ostfriesland-ostfrieslandkrimi-kustenkrimi-nordseekrimi?sId=571c947d-5cf0-4212-b46c-c93381042481&amp;ssId=zQDAiDkOMXp1oEmOoGzik&amp;cPos=1\" target=\"_blank\" rel=\"noopener\"><strong>Kobo<\/strong><\/a>.<\/p>\n","protected":false},"excerpt":{"rendered":"<p>Der sechste Fall f\u00fcr die Kripo Ostfriesland \u00bbErz\u00e4hlte Ihnen die Witwe Mordsl\u00fcgen?\u00ab Im Wittmunder Wald finden Spazierg\u00e4nger eine m\u00e4nnliche Leiche. Die Kommissare Henning Karloff und Maren Jansen sind verbl\u00fcfft, denn Helge Fehrenbach gilt bereits seit drei Jahren als verstorben. Seit dem Tag, als er angeblich von der F\u00e4hre nach Langeoog in die Nordsee st\u00fcrzte und [&hellip;]<\/p>\n","protected":false},"author":2,"featured_media":0,"parent":0,"menu_order":0,"comment_status":"closed","ping_status":"closed","template":"","meta":{"footnotes":""},"class_list":["post-3040","page","type-page","status-publish","hentry"],"_links":{"self":[{"href":"https:\/\/www.soeren-prescher.de\/index.php?rest_route=\/wp\/v2\/pages\/3040","targetHints":{"allow":["GET"]}}],"collection":[{"href":"https:\/\/www.soeren-prescher.de\/index.php?rest_route=\/wp\/v2\/pages"}],"about":[{"href":"https:\/\/www.soeren-prescher.de\/index.php?rest_route=\/wp\/v2\/types\/page"}],"author":[{"embeddable":true,"href":"https:\/\/www.soeren-prescher.de\/index.php?rest_route=\/wp\/v2\/users\/2"}],"replies":[{"embeddable":true,"href":"https:\/\/www.soeren-prescher.de\/index.php?rest_route=%2Fwp%2Fv2%2Fcomments&post=3040"}],"version-history":[{"count":7,"href":"https:\/\/www.soeren-prescher.de\/index.php?rest_route=\/wp\/v2\/pages\/3040\/revisions"}],"predecessor-version":[{"id":3045,"href":"https:\/\/www.soeren-prescher.de\/index.php?rest_route=\/wp\/v2\/pages\/3040\/revisions\/3045"}],"wp:attachment":[{"href":"https:\/\/www.soeren-prescher.de\/index.php?rest_route=%2Fwp%2Fv2%2Fmedia&parent=3040"}],"curies":[{"name":"wp","href":"https:\/\/api.w.org\/{rel}","templated":true}]}}