{"id":2983,"date":"2025-11-22T14:16:32","date_gmt":"2025-11-22T13:16:32","guid":{"rendered":"https:\/\/www.soeren-prescher.de\/?page_id=2983"},"modified":"2025-11-22T14:23:42","modified_gmt":"2025-11-22T13:23:42","slug":"weihnachtsmannmord-auf-norderney","status":"publish","type":"page","link":"https:\/\/www.soeren-prescher.de\/?page_id=2983","title":{"rendered":"Weihnachtsmannmord auf Norderney"},"content":{"rendered":"<p><a href=\"https:\/\/amzn.to\/49Bp76U\" target=\"_blank\" rel=\"noopener\"><img loading=\"lazy\" decoding=\"async\" class=\"alignright wp-image-2979 size-medium\" src=\"https:\/\/www.soeren-prescher.de\/wp-content\/uploads\/2025\/11\/Klarant-Weihnachtsmannmord-Promo1-360x360.jpg\" alt=\"\" width=\"360\" height=\"360\" srcset=\"https:\/\/www.soeren-prescher.de\/wp-content\/uploads\/2025\/11\/Klarant-Weihnachtsmannmord-Promo1-360x360.jpg 360w, https:\/\/www.soeren-prescher.de\/wp-content\/uploads\/2025\/11\/Klarant-Weihnachtsmannmord-Promo1-480x480.jpg 480w, https:\/\/www.soeren-prescher.de\/wp-content\/uploads\/2025\/11\/Klarant-Weihnachtsmannmord-Promo1-160x160.jpg 160w, https:\/\/www.soeren-prescher.de\/wp-content\/uploads\/2025\/11\/Klarant-Weihnachtsmannmord-Promo1-768x768.jpg 768w, https:\/\/www.soeren-prescher.de\/wp-content\/uploads\/2025\/11\/Klarant-Weihnachtsmannmord-Promo1-600x600.jpg 600w, https:\/\/www.soeren-prescher.de\/wp-content\/uploads\/2025\/11\/Klarant-Weihnachtsmannmord-Promo1-1024x1024.jpg 1024w, https:\/\/www.soeren-prescher.de\/wp-content\/uploads\/2025\/11\/Klarant-Weihnachtsmannmord-Promo1.jpg 1440w\" sizes=\"auto, (max-width: 360px) 100vw, 360px\" \/><\/a><\/p>\n<p>Schon bald ist Weihnachten! Und damit die Adventsstimmung so richtig Fahrt aufnimmt, freuen wir uns ganz besonders: Weihnachtsmannmord auf Norderney erscheint heute. Ein winterlicher Inselkrimi, der mit geheimnisvollen Wendungen, viel Atmosph\u00e4re und einem sehr ungew\u00f6hnlichen \u201eWeihnachtsmann\u201c perfekt in die gem\u00fctliche Jahreszeit passt. Viel Freude beim Mitr\u00e4tseln!<\/p>\n<p>Spannung pur im neuen Fall der INSEL-Wache!<\/p>\n<p>Jetzt bei <a href=\"https:\/\/amzn.to\/49Bp76U\" target=\"_blank\" rel=\"noopener\"><strong>Amazon<\/strong><\/a> bestellen!<\/p>\n<p><strong>Julia Brunjes &#8211; Weihnachtsmannmord auf Norderney<\/strong><br \/>\nASIN \u200f : \u200e B0G368433S<br \/>\nHerausgeber \u200f : \u200e Klarant Verlag<br \/>\nErscheinungstermin \u200f : \u200e 20. November 2025<br \/>\nScreenreader \u200f : \u200e Unterst\u00fctzt<br \/>\nVerbesserter Schriftsatz \u200f : \u200e Aktiviert<br \/>\nSeitenzahl der Print-Ausgabe \u200f : \u200e 137 Seiten<br \/>\nISBN-13 \u200f : \u200e 978-3689753757<br \/>\nPageFlip \u200f : \u200e Aktiviert<br \/>\nBuch 7 von 7 \u200f : \u200e Die INSEL Wache<\/p>\n<p>Inhaltsangabe:<br \/>\nEin toter Einbrecher im Weihnachtsmannkost\u00fcm \u2013 was steckt dahinter?<br \/>\nMitten in der Adventszeit wird in einem Ferienhaus auf Norderney ein Mann ermordet aufgefunden. Als die beiden Kommissare Annika Broder und Niklas Straten am Tatort eintreffen, stellen sie fest, wie grotesk dieser Fall wirklich ist: Der Tote tr\u00e4gt ein Weihnachtsmannkost\u00fcm. Augenscheinlich war er dort eingebrochen und dann umgebracht worden. Doch der Schein tr\u00fcgt, denn der Besitzer des Hauses identifiziert ihn als seinen Hausmeister Ingo Meyer. Hat er vielleicht einen Einbrecher \u00fcberrascht oder hat ihn seine Verkleidung das Leben gekostet? Und wieso befinden sich in Meyers Wohnung so viele teure Elektroger\u00e4te, wenn er mit seiner Arbeit nur wenig verdiente? Je mehr die Kommissare \u00fcber den Mann herausfinden, desto r\u00e4tselhafter scheint alles zu werden.<\/p>\n<p>Auch erh\u00e4ltlich bei:\u00a0<a href=\"https:\/\/www.thalia.de\/shop\/home\/artikeldetails\/A1077428654\" target=\"_blank\" rel=\"noopener\">Thalia<\/a>,\u00a0<a href=\"https:\/\/www.hugendubel.de\/de\/ebook_epub\/julia_brunjes-weihnachtsmannmord_auf_norderney_ostfrieslandkrimi-52124189-produkt-details.html\" target=\"_blank\" rel=\"noopener\">Hugendubel<\/a> und <a href=\"https:\/\/www.kobo.com\/de\/de\/ebook\/weihnachtsmannmord-auf-norderney-ostfrieslandkrimi\" target=\"_blank\" rel=\"noopener\">Kobo<\/a>.<\/p>\n<p>Eine \u00dcbersicht \u00fcber die Reihenfolge der B\u00fccher finden Sie <a href=\"https:\/\/www.ostfrieslandkrimi.de\/julia-brunjes-die-insel-wache\/\" target=\"_blank\" rel=\"noopener noreferrer\">hier<\/a>.<\/p>\n","protected":false},"excerpt":{"rendered":"<p>Schon bald ist Weihnachten! Und damit die Adventsstimmung so richtig Fahrt aufnimmt, freuen wir uns ganz besonders: Weihnachtsmannmord auf Norderney erscheint heute. Ein winterlicher Inselkrimi, der mit geheimnisvollen Wendungen, viel Atmosph\u00e4re und einem sehr ungew\u00f6hnlichen \u201eWeihnachtsmann\u201c perfekt in die gem\u00fctliche Jahreszeit passt. Viel Freude beim Mitr\u00e4tseln! Spannung pur im neuen Fall der INSEL-Wache! Jetzt bei [&hellip;]<\/p>\n","protected":false},"author":2,"featured_media":0,"parent":0,"menu_order":0,"comment_status":"closed","ping_status":"closed","template":"","meta":{"footnotes":""},"class_list":["post-2983","page","type-page","status-publish","hentry"],"_links":{"self":[{"href":"https:\/\/www.soeren-prescher.de\/index.php?rest_route=\/wp\/v2\/pages\/2983","targetHints":{"allow":["GET"]}}],"collection":[{"href":"https:\/\/www.soeren-prescher.de\/index.php?rest_route=\/wp\/v2\/pages"}],"about":[{"href":"https:\/\/www.soeren-prescher.de\/index.php?rest_route=\/wp\/v2\/types\/page"}],"author":[{"embeddable":true,"href":"https:\/\/www.soeren-prescher.de\/index.php?rest_route=\/wp\/v2\/users\/2"}],"replies":[{"embeddable":true,"href":"https:\/\/www.soeren-prescher.de\/index.php?rest_route=%2Fwp%2Fv2%2Fcomments&post=2983"}],"version-history":[{"count":5,"href":"https:\/\/www.soeren-prescher.de\/index.php?rest_route=\/wp\/v2\/pages\/2983\/revisions"}],"predecessor-version":[{"id":2988,"href":"https:\/\/www.soeren-prescher.de\/index.php?rest_route=\/wp\/v2\/pages\/2983\/revisions\/2988"}],"wp:attachment":[{"href":"https:\/\/www.soeren-prescher.de\/index.php?rest_route=%2Fwp%2Fv2%2Fmedia&parent=2983"}],"curies":[{"name":"wp","href":"https:\/\/api.w.org\/{rel}","templated":true}]}}

<p><a href="https://amzn.to/49Bp76U" target="_blank" rel="noopener"><img loading="lazy" decoding="async" class="alignright wp-image-2979 size-medium" src="https://www.soeren-prescher.de/wp-content/uploads/2025/11/Klarant-Weihnachtsmannmord-Promo1-360x360.jpg" alt="" width="360" height="360" srcset="https://www.soeren-prescher.de/wp-content/uploads/2025/11/Klarant-Weihnachtsmannmord-Promo1-360x360.jpg 360w, https://www.soeren-prescher.de/wp-content/uploads/2025/11/Klarant-Weihnachtsmannmord-Promo1-480x480.jpg 480w, https://www.soeren-prescher.de/wp-content/uploads/2025/11/Klarant-Weihnachtsmannmord-Promo1-160x160.jpg 160w, https://www.soeren-prescher.de/wp-content/uploads/2025/11/Klarant-Weihnachtsmannmord-Promo1-768x768.jpg 768w, https://www.soeren-prescher.de/wp-content/uploads/2025/11/Klarant-Weihnachtsmannmord-Promo1-600x600.jpg 600w, https://www.soeren-prescher.de/wp-content/uploads/2025/11/Klarant-Weihnachtsmannmord-Promo1-1024x1024.jpg 1024w, https://www.soeren-prescher.de/wp-content/uploads/2025/11/Klarant-Weihnachtsmannmord-Promo1.jpg 1440w" sizes="auto, (max-width: 360px) 100vw, 360px" /></a></p>
<p>Schon bald ist Weihnachten! Und damit die Adventsstimmung so richtig Fahrt aufnimmt, freuen wir uns ganz besonders: Weihnachtsmannmord auf Norderney erscheint heute. Ein winterlicher Inselkrimi, der mit geheimnisvollen Wendungen, viel Atmosphäre und einem sehr ungewöhnlichen „Weihnachtsmann“ perfekt in die gemütliche Jahreszeit passt. Viel Freude beim Miträtseln!</p>
<p>Spannung pur im neuen Fall der INSEL-Wache!</p>
<p>Jetzt bei <a href="https://amzn.to/49Bp76U" target="_blank" rel="noopener"><strong>Amazon</strong></a> bestellen!</p>
<p><strong>Julia Brunjes &#8211; Weihnachtsmannmord auf Norderney</strong><br />
ASIN ‏ : ‎ B0G368433S<br />
Herausgeber ‏ : ‎ Klarant Verlag<br />
Erscheinungstermin ‏ : ‎ 20. November 2025<br />
Screenreader ‏ : ‎ Unterstützt<br />
Verbesserter Schriftsatz ‏ : ‎ Aktiviert<br />
Seitenzahl der Print-Ausgabe ‏ : ‎ 137 Seiten<br />
ISBN-13 ‏ : ‎ 978-3689753757<br />
PageFlip ‏ : ‎ Aktiviert<br />
Buch 7 von 7 ‏ : ‎ Die INSEL Wache</p>
<p>Inhaltsangabe:<br />
Ein toter Einbrecher im Weihnachtsmannkostüm – was steckt dahinter?<br />
Mitten in der Adventszeit wird in einem Ferienhaus auf Norderney ein Mann ermordet aufgefunden. Als die beiden Kommissare Annika Broder und Niklas Straten am Tatort eintreffen, stellen sie fest, wie grotesk dieser Fall wirklich ist: Der Tote trägt ein Weihnachtsmannkostüm. Augenscheinlich war er dort eingebrochen und dann umgebracht worden. Doch der Schein trügt, denn der Besitzer des Hauses identifiziert ihn als seinen Hausmeister Ingo Meyer. Hat er vielleicht einen Einbrecher überrascht oder hat ihn seine Verkleidung das Leben gekostet? Und wieso befinden sich in Meyers Wohnung so viele teure Elektrogeräte, wenn er mit seiner Arbeit nur wenig verdiente? Je mehr die Kommissare über den Mann herausfinden, desto rätselhafter scheint alles zu werden.</p>
<p>Auch erhältlich bei: <a href="https://www.thalia.de/shop/home/artikeldetails/A1077428654" target="_blank" rel="noopener">Thalia</a>, <a href="https://www.hugendubel.de/de/ebook_epub/julia_brunjes-weihnachtsmannmord_auf_norderney_ostfrieslandkrimi-52124189-produkt-details.html" target="_blank" rel="noopener">Hugendubel</a> und <a href="https://www.kobo.com/de/de/ebook/weihnachtsmannmord-auf-norderney-ostfrieslandkrimi" target="_blank" rel="noopener">Kobo</a>.</p>
<p>Eine Übersicht über die Reihenfolge der Bücher finden Sie <a href="https://www.ostfrieslandkrimi.de/julia-brunjes-die-insel-wache/" target="_blank" rel="noopener noreferrer">hier</a>.</p>

<p>Schon bald ist Weihnachten! Und damit die Adventsstimmung so richtig Fahrt aufnimmt, freuen wir uns ganz besonders: Weihnachtsmannmord auf Norderney erscheint heute. Ein winterlicher Inselkrimi, der mit geheimnisvollen Wendungen, viel Atmosphäre und einem sehr ungewöhnlichen „Weihnachtsmann“ perfekt in die gemütliche Jahreszeit passt. Viel Freude beim Miträtseln! Spannung pur im neuen Fall der INSEL-Wache! Jetzt bei [&hellip;]</p>
