{"id":2628,"date":"2024-10-24T17:44:05","date_gmt":"2024-10-24T16:44:05","guid":{"rendered":"https:\/\/www.soeren-prescher.de\/?page_id=2628"},"modified":"2025-05-15T18:21:03","modified_gmt":"2025-05-15T17:21:03","slug":"mord-am-strand-von-spiekeroog","status":"publish","type":"page","link":"https:\/\/www.soeren-prescher.de\/?page_id=2628","title":{"rendered":"Mord am Strand von Spiekeroog"},"content":{"rendered":"<p><a href=\"https:\/\/amzn.to\/4hcrrm9\" target=\"_blank\" rel=\"noopener noreferrer\"><img loading=\"lazy\" decoding=\"async\" class=\"alignright wp-image-1892 \" title=\"Mord am Strand von Spiekeroog\" src=\"https:\/\/www.soeren-prescher.de\/wp-content\/uploads\/2024\/10\/OFK1_am.jpg\" alt=\"\" width=\"229\" height=\"344\" \/><\/a><em><strong>Der erste Fall f\u00fcr die Kripo Ostfriesland<\/strong><\/em><\/p>\n<p>Schock auf Spiekeroog: Am Strand liegt ein m\u00e4nnlicher Toter! Die ostfriesischen Kommissare Henning Karloff und Maren Hansen werden auf die idyllische Nordseeinsel gerufen, um den mysteri\u00f6sen Fall zu l\u00f6sen. Wieso hat der Tote, den niemand zu kennen scheint, keine pers\u00f6nlichen Gegenst\u00e4nde bei sich? Kein Portemonnaie, kein Handy, nichts. Au\u00dferdem gibt es zun\u00e4chst keine Spuren eines M\u00f6rders, doch Karloffs Bauchgef\u00fchl sagt ihm, dass hier mehr dahintersteckt. Und tats\u00e4chlich gibt die Obduktion ihm recht und erh\u00e4rtet die Hinweise auf ein Verbrechen. Hat jemand den Unbekannten mit finsteren Absichten auf die Nordseeinsel gelockt? W\u00e4hrend der Ermittlungen wird endlich die Identit\u00e4t des Mannes entschl\u00fcsselt. Eine Spur f\u00fchrt die Kommissare in die Vergangenheit des Opfers im ostfriesischen \u00d6rtchen Bagband \u2026<\/p>\n<p>Info:<br \/>\n<strong>Mord am Strand von Spiekeroog<\/strong><br \/>\n180 Seiten, Deutsch<br \/>\nKlarant Verlag<br \/>\nISBN-10: \u200e 3689750792<br \/>\nISBN-13: \u200e 978-3689750794<br \/>\nErscheinungsdatum: November 2024<\/p>\n<p>Der Roman ist sowohl im eBook-Format als auch als Taschenbuch erh\u00e4ltlich. Unter anderem bei <a href=\"https:\/\/amzn.to\/4hcrrm9\" target=\"_blank\" rel=\"noopener\"><strong>Amazon.de<\/strong><\/a>.<\/p>\n<p><a href=\"https:\/\/www.soeren-prescher.de\/wp-content\/uploads\/2024\/11\/OFK1-Anmerkungen.pdf\" target=\"_blank\" rel=\"noopener\"><strong>Hier<\/strong><\/a> findet ihr ein exklusives Nachwort zum Roman, das es leider nicht in die endg\u00fcltige Druckfassung geschafft hat. Wer mehr \u00fcber die Entstehungsgeschichte des Buches erfahren m\u00f6chte, darf gerne mal einen Blick in die dreiseige PDF-Datei werfen. In <a href=\"https:\/\/carmensbuecherkabinett.de\/2024\/11\/16\/prescher-soeren-mord-am-strand-von-spiekeroog\/\" rel=\"noopener\"><strong>Carmens B\u00fccherkabinett<\/strong><\/a> findet ihr eine sch\u00f6ne Rezension zum neuen Ostfrieslandkrimi.<\/p>\n<p>&nbsp;<\/p>\n","protected":false},"excerpt":{"rendered":"<p>Der erste Fall f\u00fcr die Kripo Ostfriesland Schock auf Spiekeroog: Am Strand liegt ein m\u00e4nnlicher Toter! Die ostfriesischen Kommissare Henning Karloff und Maren Hansen werden auf die idyllische Nordseeinsel gerufen, um den mysteri\u00f6sen Fall zu l\u00f6sen. Wieso hat der Tote, den niemand zu kennen scheint, keine pers\u00f6nlichen Gegenst\u00e4nde bei sich? Kein Portemonnaie, kein Handy, nichts. [&hellip;]<\/p>\n","protected":false},"author":2,"featured_media":0,"parent":0,"menu_order":0,"comment_status":"closed","ping_status":"closed","template":"","meta":{"footnotes":""},"class_list":["post-2628","page","type-page","status-publish","hentry"],"_links":{"self":[{"href":"https:\/\/www.soeren-prescher.de\/index.php?rest_route=\/wp\/v2\/pages\/2628","targetHints":{"allow":["GET"]}}],"collection":[{"href":"https:\/\/www.soeren-prescher.de\/index.php?rest_route=\/wp\/v2\/pages"}],"about":[{"href":"https:\/\/www.soeren-prescher.de\/index.php?rest_route=\/wp\/v2\/types\/page"}],"author":[{"embeddable":true,"href":"https:\/\/www.soeren-prescher.de\/index.php?rest_route=\/wp\/v2\/users\/2"}],"replies":[{"embeddable":true,"href":"https:\/\/www.soeren-prescher.de\/index.php?rest_route=%2Fwp%2Fv2%2Fcomments&post=2628"}],"version-history":[{"count":8,"href":"https:\/\/www.soeren-prescher.de\/index.php?rest_route=\/wp\/v2\/pages\/2628\/revisions"}],"predecessor-version":[{"id":2782,"href":"https:\/\/www.soeren-prescher.de\/index.php?rest_route=\/wp\/v2\/pages\/2628\/revisions\/2782"}],"wp:attachment":[{"href":"https:\/\/www.soeren-prescher.de\/index.php?rest_route=%2Fwp%2Fv2%2Fmedia&parent=2628"}],"curies":[{"name":"wp","href":"https:\/\/api.w.org\/{rel}","templated":true}]}}

<p><a href="https://amzn.to/4hcrrm9" target="_blank" rel="noopener noreferrer"><img loading="lazy" decoding="async" class="alignright wp-image-1892 " title="Mord am Strand von Spiekeroog" src="https://www.soeren-prescher.de/wp-content/uploads/2024/10/OFK1_am.jpg" alt="" width="229" height="344" /></a><em><strong>Der erste Fall für die Kripo Ostfriesland</strong></em></p>
<p>Schock auf Spiekeroog: Am Strand liegt ein männlicher Toter! Die ostfriesischen Kommissare Henning Karloff und Maren Hansen werden auf die idyllische Nordseeinsel gerufen, um den mysteriösen Fall zu lösen. Wieso hat der Tote, den niemand zu kennen scheint, keine persönlichen Gegenstände bei sich? Kein Portemonnaie, kein Handy, nichts. Außerdem gibt es zunächst keine Spuren eines Mörders, doch Karloffs Bauchgefühl sagt ihm, dass hier mehr dahintersteckt. Und tatsächlich gibt die Obduktion ihm recht und erhärtet die Hinweise auf ein Verbrechen. Hat jemand den Unbekannten mit finsteren Absichten auf die Nordseeinsel gelockt? Während der Ermittlungen wird endlich die Identität des Mannes entschlüsselt. Eine Spur führt die Kommissare in die Vergangenheit des Opfers im ostfriesischen Örtchen Bagband …</p>
<p>Info:<br />
<strong>Mord am Strand von Spiekeroog</strong><br />
180 Seiten, Deutsch<br />
Klarant Verlag<br />
ISBN-10: ‎ 3689750792<br />
ISBN-13: ‎ 978-3689750794<br />
Erscheinungsdatum: November 2024</p>
<p>Der Roman ist sowohl im eBook-Format als auch als Taschenbuch erhältlich. Unter anderem bei <a href="https://amzn.to/4hcrrm9" target="_blank" rel="noopener"><strong>Amazon.de</strong></a>.</p>
<p><a href="https://www.soeren-prescher.de/wp-content/uploads/2024/11/OFK1-Anmerkungen.pdf" target="_blank" rel="noopener"><strong>Hier</strong></a> findet ihr ein exklusives Nachwort zum Roman, das es leider nicht in die endgültige Druckfassung geschafft hat. Wer mehr über die Entstehungsgeschichte des Buches erfahren möchte, darf gerne mal einen Blick in die dreiseige PDF-Datei werfen. In <a href="https://carmensbuecherkabinett.de/2024/11/16/prescher-soeren-mord-am-strand-von-spiekeroog/" rel="noopener"><strong>Carmens Bücherkabinett</strong></a> findet ihr eine schöne Rezension zum neuen Ostfrieslandkrimi.</p>
<p>&nbsp;</p>

<p>Der erste Fall für die Kripo Ostfriesland Schock auf Spiekeroog: Am Strand liegt ein männlicher Toter! Die ostfriesischen Kommissare Henning Karloff und Maren Hansen werden auf die idyllische Nordseeinsel gerufen, um den mysteriösen Fall zu lösen. Wieso hat der Tote, den niemand zu kennen scheint, keine persönlichen Gegenstände bei sich? Kein Portemonnaie, kein Handy, nichts. [&hellip;]</p>
