{"id":2458,"date":"2024-02-25T19:29:29","date_gmt":"2024-02-25T18:29:29","guid":{"rendered":"https:\/\/www.soeren-prescher.de\/?page_id=2458"},"modified":"2024-06-09T10:24:38","modified_gmt":"2024-06-09T09:24:38","slug":"blutiger-fehler","status":"publish","type":"page","link":"https:\/\/www.soeren-prescher.de\/?page_id=2458","title":{"rendered":"Blutiger Fehler"},"content":{"rendered":"<p><a href=\"https:\/\/amzn.to\/49n4d8q\" target=\"_blank\" rel=\"noopener noreferrer\"><img loading=\"lazy\" decoding=\"async\" class=\"alignright wp-image-1892 \" title=\"Blutiger Fehler\" src=\"https:\/\/www.soeren-prescher.de\/wp-content\/uploads\/2024\/02\/AdHg8cover_small.jpg \" alt=\"\" width=\"229\" height=\"344\" \/><\/a><\/p>\n<p><em><strong>Der achte Fall f\u00fcr Mark und Felix<br \/>\n<\/strong><\/em><\/p>\n<p>Nur wenige Wochen nach dem Mord an einem N\u00fcrnberger Anwalt kommt eine weitere Person aus Holger Jansens Umfeld ums Leben. Diesmal trifft es eine Frau, die in ihrem Haus erstochen wird. W\u00e4hrend der Ermittlungen beschleicht die Kommissare der Verdacht, dass die Tat mit einem fr\u00fcheren Fall zusammenh\u00e4ngen k\u00f6nnte. Haben sie damals m\u00f6glicherweise etwas \u00fcbersehen?<\/p>\n<p>Band Acht der beliebten Krimi-Reihe.<\/p>\n<p><em>&#8222;Ein Hund zum Knutschen, ein cleverer Ermittler und ein fieser Mord &#8211; perfekter Krimispa\u00df.&#8220;<\/em> &#8211; Silke Porath<\/p>\n<p>&nbsp;<\/p>\n<p>Info:<br \/>\nAutor: S\u00f6ren Prescher,<br \/>\n388 Seiten, Deutsch<br \/>\nVerlag: Edel Elements<br \/>\nISBN: 978-3962154936<br \/>\nASIN : B0CVRRDBN7<br \/>\nErscheinungsdatum: 6. April 2024<\/p>\n<p>Der Roman ist unter anderem bei <strong><a href=\"https:\/\/amzn.to\/3Id2DtL\" target=\"_blank\" rel=\"noopener\">Amazon.de <\/a><\/strong>erh\u00e4ltlich.<\/p>\n<p><span class=\"_44bj\">Bei <a href=\"https:\/\/www.facebook.com\/257009337651970\/videos\/617902115332042\/\" target=\"_blank\" rel=\"noopener noreferrer\"><strong>Facebook<\/strong><\/a> und auf <a href=\"https:\/\/www.youtube.com\/watch?v=DZqR8KU4zWE\" target=\"_blank\" rel=\"noopener noreferrer\"><strong>YouTube<\/strong><\/a> gibt es ein knapp dreimin\u00fctiges Video, in dem ich die Krimi-Reihe vorstelle.<\/span><\/p>\n<p>Au\u00dferdem habe ich extra f\u00fcr den Start der zweiten Staffel einen kleinen Promo-Clip aufgenommen, den ihr <a href=\"https:\/\/www.youtube.com\/watch?v=icJV_AEe2xM\"><strong>an dieser Stelle<\/strong><\/a> anschauen k\u00f6nnt.<\/p>\n<p>&nbsp;<\/p>\n<p>Im April\/Mai fand auf <strong>Lovelybooks<\/strong> eine <a href=\"https:\/\/www.lovelybooks.de\/autor\/S%C3%B6ren-Prescher\/Blutiger-Fehler-12357812510-w\/leserunde\/12841520537\/12841531550\/#thread\" target=\"_blank\" rel=\"noopener\">Leserunde<\/a> zur Romanver\u00f6ffentlichung statt. Nachfolgend ein paar Eindr\u00fccke der Rezensenten:<\/p>\n<p><a href=\"https:\/\/www.lovelybooks.de\/autor\/S%C3%B6ren-Prescher\/Blutiger-Fehler-12357812510-w\/rezension\/13100779164\/\" target=\"_blank\" rel=\"noopener\">Wirkommu: <\/a>&#8222;Die Geschichte beginnt gem\u00e4chlich, steigert sich von Seite zu Seite und bringt auch die Leser ins Gr\u00fcbeln, weil die Sache sich als sehr komplex und verzweigt erweist. Spannend geschrieben und mit Dominics Denglisch auch witzig.&#8220;<\/p>\n<p><a href=\"https:\/\/www.lovelybooks.de\/autor\/S%C3%B6ren-Prescher\/Blutiger-Fehler-12357812510-w\/rezension\/13189295463\/\" target=\"_blank\" rel=\"noopener\">Karin_Evi_Bruder<\/a>: \u201eMich hat dieses Buch wieder sehr gefangen genommen. S\u00f6ren Prescher schreibt sehr fl\u00fcssig und beschreibt sehr gut in diesem Krimi. Auch der Spa\u00df kommt nicht zu kurz. Ich kann dieses Buch wieder nur empfehlen und freue mich auf den n\u00e4chsten Fall der Kommissare und ihrem Polizeihund.\u201c<\/p>\n<p><a href=\"https:\/\/www.lovelybooks.de\/autor\/S%C3%B6ren-Prescher\/Blutiger-Fehler-12357812510-w\/rezension\/13303233993\/\" target=\"_blank\" rel=\"noopener\">Lavazza1306<\/a>: \u201eDer Schreibstil des Autors gef\u00e4llt mir recht gut. Die Spr\u00fcche und Dominiks Art lockern den Fall auf.\u201c<\/p>\n<p><a href=\"https:\/\/www.lovelybooks.de\/autor\/S%C3%B6ren-Prescher\/Blutiger-Fehler-12357812510-w\/rezension\/13430425444\/\" target=\"_blank\" rel=\"noopener\">FlotterAnton<\/a>: &#8222;Mir gefiel das Zusammenspiel zwischen Mark, Dominik und Felix. An vielen Stellen konnte man merken, dass das Trio bereits gut aufeinander eingespielt ist.&#8220;<\/p>\n<p><a href=\"https:\/\/www.lovelybooks.de\/autor\/S%C3%B6ren-Prescher\/Blutiger-Fehler-12357812510-w\/rezension\/13530373644\/\" target=\"_blank\" rel=\"noopener\">MarieLaura<\/a>: &#8222;Dies ist bereits der achte Fall der drei Ermittler &#8211; wovon einer vier Pfoten hat.&#8220;<\/p>\n<p><a href=\"https:\/\/www.lovelybooks.de\/autor\/S%C3%B6ren-Prescher\/Blutiger-Fehler-12357812510-w\/rezension\/13714768271\/\" target=\"_blank\" rel=\"noopener\">Nellsche<\/a>: \u201eDas Ermittlerteam hat mir gut gefallen, sie haben sich prima erg\u00e4nzt und zusammengearbeitet. Der Plot war interessant gestaltet. Auch die Ermittlungsarbeit wirkte authentisch, da besonders zu Beginn viel recherchiert werden musste. Im Laufe des Buches steigerte sich die Spannung und nahm einen guten Level ein.&#8220;<\/p>\n","protected":false},"excerpt":{"rendered":"<p>Der achte Fall f\u00fcr Mark und Felix Nur wenige Wochen nach dem Mord an einem N\u00fcrnberger Anwalt kommt eine weitere Person aus Holger Jansens Umfeld ums Leben. Diesmal trifft es eine Frau, die in ihrem Haus erstochen wird. W\u00e4hrend der Ermittlungen beschleicht die Kommissare der Verdacht, dass die Tat mit einem fr\u00fcheren Fall zusammenh\u00e4ngen k\u00f6nnte. [&hellip;]<\/p>\n","protected":false},"author":2,"featured_media":0,"parent":0,"menu_order":0,"comment_status":"closed","ping_status":"closed","template":"","meta":{"footnotes":""},"class_list":["post-2458","page","type-page","status-publish","hentry"],"_links":{"self":[{"href":"https:\/\/www.soeren-prescher.de\/index.php?rest_route=\/wp\/v2\/pages\/2458","targetHints":{"allow":["GET"]}}],"collection":[{"href":"https:\/\/www.soeren-prescher.de\/index.php?rest_route=\/wp\/v2\/pages"}],"about":[{"href":"https:\/\/www.soeren-prescher.de\/index.php?rest_route=\/wp\/v2\/types\/page"}],"author":[{"embeddable":true,"href":"https:\/\/www.soeren-prescher.de\/index.php?rest_route=\/wp\/v2\/users\/2"}],"replies":[{"embeddable":true,"href":"https:\/\/www.soeren-prescher.de\/index.php?rest_route=%2Fwp%2Fv2%2Fcomments&post=2458"}],"version-history":[{"count":7,"href":"https:\/\/www.soeren-prescher.de\/index.php?rest_route=\/wp\/v2\/pages\/2458\/revisions"}],"predecessor-version":[{"id":2545,"href":"https:\/\/www.soeren-prescher.de\/index.php?rest_route=\/wp\/v2\/pages\/2458\/revisions\/2545"}],"wp:attachment":[{"href":"https:\/\/www.soeren-prescher.de\/index.php?rest_route=%2Fwp%2Fv2%2Fmedia&parent=2458"}],"curies":[{"name":"wp","href":"https:\/\/api.w.org\/{rel}","templated":true}]}}