{"id":2185,"date":"2022-06-30T10:04:13","date_gmt":"2022-06-30T09:04:13","guid":{"rendered":"http:\/\/www.soeren-prescher.de\/?page_id=2185"},"modified":"2022-08-14T12:36:40","modified_gmt":"2022-08-14T11:36:40","slug":"mord-im-hintergrund","status":"publish","type":"page","link":"https:\/\/www.soeren-prescher.de\/?page_id=2185","title":{"rendered":"Mord im Hintergrund"},"content":{"rendered":"<p><a href=\"https:\/\/www.e-delmann.de\/shop\/article\/47223040\/soeren_prescher_mord_im_hintergrund.html\" target=\"_blank\" rel=\"noopener noreferrer\"><img loading=\"lazy\" decoding=\"async\" class=\"alignright wp-image-1892 \" title=\"Der ungl\u00fcckliche Gl\u00fcckspilz\" src=\"https:\/\/www.soeren-prescher.de\/wp-content\/uploads\/2022\/06\/AdHg6cover_small.jpg\" alt=\"\" width=\"229\" height=\"344\" \/><\/a><\/p>\n<p><em><strong>Der sechste Fall f\u00fcr Mark und Felix<br \/>\n<\/strong><\/em><\/p>\n<p>Das Trio mit vier Pfoten ist zur\u00fcck. In ihrem sechsten Band bekommen es Mark, Felix und Dominik gleich mit zwei verzwickten F\u00e4llen zu tun: Zum einen eine Reihe r\u00e4tselhafter Morde scheinbar ohne Motiv, zum anderen eine t\u00fcckische Erpressung. F\u00fcr Letzteres sind sie eigentlich nicht zust\u00e4ndig, doch nachdem Gesch\u00e4ftsmann Holger Janssen ihnen in der Vergangenheit geholfen hat, sind sie ihm einen Gefallen schuldig, und diesen fordert er jetzt ein. Auch hier spitzen sich die Ereignisse rasch zu.<\/p>\n<p>Band Sechs der beliebten Krimi-Reihe.<\/p>\n<p><em>&#8222;Ein Hund zum Knutschen, ein cleverer Ermittler und ein fieser Mord &#8211; perfekter Krimispa\u00df.&#8220;<\/em> &#8211; Silke Porath<\/p>\n<p>Info:<br \/>\nAutor: S\u00f6ren Prescher<br \/>\n458 Seiten, Deutsch<br \/>\nVerlag: Edel Elements<br \/>\nISBN: 978-3-96215-434-9<br \/>\nASIN : B0B59ZPZCL<br \/>\nErscheinungsdatum: 1 Juli 2022<\/p>\n<p>Der Roman ist sowohl im eBook-Format als auch als Taschenbuch erh\u00e4ltlich. Unter anderem bei <a href=\"https:\/\/amzn.to\/3OY1A2r\" target=\"_blank\" rel=\"noopener\"><strong>Amazon.de<\/strong><\/a>.<\/p>\n<p><span class=\"_44bj\">Bei <a href=\"https:\/\/www.facebook.com\/257009337651970\/videos\/617902115332042\/\" target=\"_blank\" rel=\"noopener noreferrer\"><strong>Facebook<\/strong><\/a> und auf <a href=\"https:\/\/www.youtube.com\/watch?v=DZqR8KU4zWE\" target=\"_blank\" rel=\"noopener noreferrer\"><strong>YouTube<\/strong><\/a> gibt es ein knapp dreimin\u00fctiges Video, in dem ich die Krimi-Reihe vorstelle.<\/p>\n<p><\/span><\/p>\n<p>Im Sommer 2022 fand auf Lovelybooks eine <a href=\"https:\/\/www.lovelybooks.de\/autor\/S%C3%B6ren-Prescher\/Mord-im-Hintergrund-Der-sechste-Fall-f%C3%BCr-Mark-Felix-6018665136-w\/leserunde\/6018683889\/6018695445\/#thread\" target=\"_blank\" rel=\"noopener\">Leserunde<\/a> zum Roman statt. Nachfolgend ein paar Eindr\u00fccke daraus:<\/p>\n<p><a href=\"https:\/\/www.lovelybooks.de\/autor\/S%C3%B6ren-Prescher\/Mord-im-Hintergrund-6220071500-w\/rezension\/6242462188\/\" target=\"_blank\" rel=\"noopener\">Wirkommu<\/a>:<br \/>\n&#8222;Gewohnt ruhig erz\u00e4hlt, mit vielen Einsprengseln von Dominiks Denglish, der passenden Musikuntermalung entsprechend der jeweiligen Gem\u00fctslage, einigen witzigen Redewendungen und Anspielungen: eine kurzweilige Lekt\u00fcre.&#8220;<\/p>\n<p><a href=\"https:\/\/www.lovelybooks.de\/autor\/S%C3%B6ren-Prescher\/Mord-im-Hintergrund-6220071500-w\/rezension\/6286698282\/\" target=\"_blank\" rel=\"noopener\">Lesepixie7<\/a>:<br \/>\n&#8222;spannende, schnell zu lesende Geschichte.&#8220;<\/p>\n<p><a href=\"https:\/\/www.lovelybooks.de\/autor\/S%C3%B6ren-Prescher\/Mord-im-Hintergrund-Der-sechste-Fall-f%C3%BCr-Mark-Felix-6018665136-w\/rezension\/6351402366\/\" target=\"_blank\" rel=\"noopener\">Martinchen<\/a>:<br \/>\n\u201eDer Schreibstil ist gut lesbar und die Dialoge zwischen Mark und Dominik entlocken hier und da ein kleines Schmunzeln. Auch die denglischen S\u00e4tze lockern etwas auf &#8230;\u201c<\/p>\n<p><a href=\"https:\/\/www.lovelybooks.de\/autor\/S%C3%B6ren-Prescher\/Mord-im-Hintergrund-6220071500-w\/rezension\/6358837499\/\" target=\"_blank\" rel=\"noopener\">Steffichenlein<\/a>:<br \/>\n\u201eSpannend bis zur letzten Seite.\u201c<\/p>\n<p><a href=\"https:\/\/www.lovelybooks.de\/autor\/S%C3%B6ren-Prescher\/Mord-im-Hintergrund-Der-sechste-Fall-f%C3%BCr-Mark-Felix-6018665136-w\/rezension\/6341634263\/\" target=\"_blank\" rel=\"noopener\">Anja_Pfister<\/a>:<br \/>\n\u201eDie Geschichte ist ein Mix aus Kriminalfall, Beh\u00f6rdenwahnsinn, Kollegenchaos, Familienidyll und der kleinen Achterbahnfahrt, die man als Hundebegleiter t\u00e4glich erlebt. Eine unterhaltsame Story mit Gute-Laune-Faktor rund um N\u00fcrnberg.\u201c<\/p>\n<p><a href=\"https:\/\/www.lovelybooks.de\/autor\/S%C3%B6ren-Prescher\/Mord-im-Hintergrund-Der-sechste-Fall-f%C3%BCr-Mark-Felix-6018665136-w\/rezension\/6258352648\/\" target=\"_blank\" rel=\"noopener\">Kathi1984<\/a>:<br \/>\n&#8222;Der Schreibstil ist eher locker und gut lesbar. Besonders die privaten Einsch\u00fcbe aus dem Leben von Mark zeigen einen sch\u00f6nen Kontrast zur tr\u00fcben Polizeiarbeit. Meiner Meinung nach sind es genau diese privaten Erz\u00e4hlungen, die aus Ermittlerreihen im Ged\u00e4chtnis bleiben und den Leser neugierig machen, wie es weitergeht. Der Fall ist in sich abgeschlossen, sodass man ihn auch gut ohne Kenntnis der Vorg\u00e4ngerb\u00e4nde lesen kann. Klare Leseempfehlung!&#8220;<\/p>\n","protected":false},"excerpt":{"rendered":"<p>Der sechste Fall f\u00fcr Mark und Felix Das Trio mit vier Pfoten ist zur\u00fcck. In ihrem sechsten Band bekommen es Mark, Felix und Dominik gleich mit zwei verzwickten F\u00e4llen zu tun: Zum einen eine Reihe r\u00e4tselhafter Morde scheinbar ohne Motiv, zum anderen eine t\u00fcckische Erpressung. F\u00fcr Letzteres sind sie eigentlich nicht zust\u00e4ndig, doch nachdem Gesch\u00e4ftsmann [&hellip;]<\/p>\n","protected":false},"author":2,"featured_media":0,"parent":0,"menu_order":0,"comment_status":"closed","ping_status":"closed","template":"","meta":{"footnotes":""},"class_list":["post-2185","page","type-page","status-publish","hentry"],"_links":{"self":[{"href":"https:\/\/www.soeren-prescher.de\/index.php?rest_route=\/wp\/v2\/pages\/2185","targetHints":{"allow":["GET"]}}],"collection":[{"href":"https:\/\/www.soeren-prescher.de\/index.php?rest_route=\/wp\/v2\/pages"}],"about":[{"href":"https:\/\/www.soeren-prescher.de\/index.php?rest_route=\/wp\/v2\/types\/page"}],"author":[{"embeddable":true,"href":"https:\/\/www.soeren-prescher.de\/index.php?rest_route=\/wp\/v2\/users\/2"}],"replies":[{"embeddable":true,"href":"https:\/\/www.soeren-prescher.de\/index.php?rest_route=%2Fwp%2Fv2%2Fcomments&post=2185"}],"version-history":[{"count":9,"href":"https:\/\/www.soeren-prescher.de\/index.php?rest_route=\/wp\/v2\/pages\/2185\/revisions"}],"predecessor-version":[{"id":2188,"href":"https:\/\/www.soeren-prescher.de\/index.php?rest_route=\/wp\/v2\/pages\/2185\/revisions\/2188"}],"wp:attachment":[{"href":"https:\/\/www.soeren-prescher.de\/index.php?rest_route=%2Fwp%2Fv2%2Fmedia&parent=2185"}],"curies":[{"name":"wp","href":"https:\/\/api.w.org\/{rel}","templated":true}]}}

<p><a href="https://www.e-delmann.de/shop/article/47223040/soeren_prescher_mord_im_hintergrund.html" target="_blank" rel="noopener noreferrer"><img loading="lazy" decoding="async" class="alignright wp-image-1892 " title="Der unglückliche Glückspilz" src="https://www.soeren-prescher.de/wp-content/uploads/2022/06/AdHg6cover_small.jpg" alt="" width="229" height="344" /></a></p>
<p><em><strong>Der sechste Fall für Mark und Felix<br />
</strong></em></p>
<p>Das Trio mit vier Pfoten ist zurück. In ihrem sechsten Band bekommen es Mark, Felix und Dominik gleich mit zwei verzwickten Fällen zu tun: Zum einen eine Reihe rätselhafter Morde scheinbar ohne Motiv, zum anderen eine tückische Erpressung. Für Letzteres sind sie eigentlich nicht zuständig, doch nachdem Geschäftsmann Holger Janssen ihnen in der Vergangenheit geholfen hat, sind sie ihm einen Gefallen schuldig, und diesen fordert er jetzt ein. Auch hier spitzen sich die Ereignisse rasch zu.</p>
<p>Band Sechs der beliebten Krimi-Reihe.</p>
<p><em>&#8222;Ein Hund zum Knutschen, ein cleverer Ermittler und ein fieser Mord &#8211; perfekter Krimispaß.&#8220;</em> &#8211; Silke Porath</p>
<p>Info:<br />
Autor: Sören Prescher<br />
458 Seiten, Deutsch<br />
Verlag: Edel Elements<br />
ISBN: 978-3-96215-434-9<br />
ASIN : B0B59ZPZCL<br />
Erscheinungsdatum: 1 Juli 2022</p>
<p>Der Roman ist sowohl im eBook-Format als auch als Taschenbuch erhältlich. Unter anderem bei <a href="https://amzn.to/3OY1A2r" target="_blank" rel="noopener"><strong>Amazon.de</strong></a>.</p>
<p><span class="_44bj">Bei <a href="https://www.facebook.com/257009337651970/videos/617902115332042/" target="_blank" rel="noopener noreferrer"><strong>Facebook</strong></a> und auf <a href="https://www.youtube.com/watch?v=DZqR8KU4zWE" target="_blank" rel="noopener noreferrer"><strong>YouTube</strong></a> gibt es ein knapp dreiminütiges Video, in dem ich die Krimi-Reihe vorstelle.</p>
<p></span></p>
<p>Im Sommer 2022 fand auf Lovelybooks eine <a href="https://www.lovelybooks.de/autor/S%C3%B6ren-Prescher/Mord-im-Hintergrund-Der-sechste-Fall-f%C3%BCr-Mark-Felix-6018665136-w/leserunde/6018683889/6018695445/#thread" target="_blank" rel="noopener">Leserunde</a> zum Roman statt. Nachfolgend ein paar Eindrücke daraus:</p>
<p><a href="https://www.lovelybooks.de/autor/S%C3%B6ren-Prescher/Mord-im-Hintergrund-6220071500-w/rezension/6242462188/" target="_blank" rel="noopener">Wirkommu</a>:<br />
&#8222;Gewohnt ruhig erzählt, mit vielen Einsprengseln von Dominiks Denglish, der passenden Musikuntermalung entsprechend der jeweiligen Gemütslage, einigen witzigen Redewendungen und Anspielungen: eine kurzweilige Lektüre.&#8220;</p>
<p><a href="https://www.lovelybooks.de/autor/S%C3%B6ren-Prescher/Mord-im-Hintergrund-6220071500-w/rezension/6286698282/" target="_blank" rel="noopener">Lesepixie7</a>:<br />
&#8222;spannende, schnell zu lesende Geschichte.&#8220;</p>
<p><a href="https://www.lovelybooks.de/autor/S%C3%B6ren-Prescher/Mord-im-Hintergrund-Der-sechste-Fall-f%C3%BCr-Mark-Felix-6018665136-w/rezension/6351402366/" target="_blank" rel="noopener">Martinchen</a>:<br />
„Der Schreibstil ist gut lesbar und die Dialoge zwischen Mark und Dominik entlocken hier und da ein kleines Schmunzeln. Auch die denglischen Sätze lockern etwas auf &#8230;“</p>
<p><a href="https://www.lovelybooks.de/autor/S%C3%B6ren-Prescher/Mord-im-Hintergrund-6220071500-w/rezension/6358837499/" target="_blank" rel="noopener">Steffichenlein</a>:<br />
„Spannend bis zur letzten Seite.“</p>
<p><a href="https://www.lovelybooks.de/autor/S%C3%B6ren-Prescher/Mord-im-Hintergrund-Der-sechste-Fall-f%C3%BCr-Mark-Felix-6018665136-w/rezension/6341634263/" target="_blank" rel="noopener">Anja_Pfister</a>:<br />
„Die Geschichte ist ein Mix aus Kriminalfall, Behördenwahnsinn, Kollegenchaos, Familienidyll und der kleinen Achterbahnfahrt, die man als Hundebegleiter täglich erlebt. Eine unterhaltsame Story mit Gute-Laune-Faktor rund um Nürnberg.“</p>
<p><a href="https://www.lovelybooks.de/autor/S%C3%B6ren-Prescher/Mord-im-Hintergrund-Der-sechste-Fall-f%C3%BCr-Mark-Felix-6018665136-w/rezension/6258352648/" target="_blank" rel="noopener">Kathi1984</a>:<br />
&#8222;Der Schreibstil ist eher locker und gut lesbar. Besonders die privaten Einschübe aus dem Leben von Mark zeigen einen schönen Kontrast zur trüben Polizeiarbeit. Meiner Meinung nach sind es genau diese privaten Erzählungen, die aus Ermittlerreihen im Gedächtnis bleiben und den Leser neugierig machen, wie es weitergeht. Der Fall ist in sich abgeschlossen, sodass man ihn auch gut ohne Kenntnis der Vorgängerbände lesen kann. Klare Leseempfehlung!&#8220;</p>

<p>Der sechste Fall für Mark und Felix Das Trio mit vier Pfoten ist zurück. In ihrem sechsten Band bekommen es Mark, Felix und Dominik gleich mit zwei verzwickten Fällen zu tun: Zum einen eine Reihe rätselhafter Morde scheinbar ohne Motiv, zum anderen eine tückische Erpressung. Für Letzteres sind sie eigentlich nicht zuständig, doch nachdem Geschäftsmann [&hellip;]</p>
