{"id":1893,"date":"2020-12-18T18:21:06","date_gmt":"2020-12-18T17:21:06","guid":{"rendered":"http:\/\/www.soeren-prescher.de\/?page_id=1893"},"modified":"2022-07-01T11:50:34","modified_gmt":"2022-07-01T10:50:34","slug":"unter-verdacht","status":"publish","type":"page","link":"https:\/\/www.soeren-prescher.de\/?page_id=1893","title":{"rendered":"Unter Verdacht"},"content":{"rendered":"<p><a href=\"https:\/\/www.amazon.de\/gp\/product\/B08Q4B42J7\/ref=as_li_qf_asin_il_tl?ie=UTF8&amp;tag=sorenprescher-21&amp;creative=6742&amp;linkCode=as2&amp;creativeASIN=B08Q4B42J7&amp;linkId=4ad8f58bb219e570810b30ad3ff1540f\" target=\"_blank\" rel=\"noopener noreferrer\"><img loading=\"lazy\" decoding=\"async\" class=\"alignright wp-image-1892 \" title=\"Auf Messers Schneide\" src=\"https:\/\/www.soeren-prescher.de\/wp-content\/uploads\/2020\/12\/AdHg4-cover_medium-333x500.jpg\" alt=\"\" width=\"229\" height=\"344\" srcset=\"https:\/\/www.soeren-prescher.de\/wp-content\/uploads\/2020\/12\/AdHg4-cover_medium-333x500.jpg 333w, https:\/\/www.soeren-prescher.de\/wp-content\/uploads\/2020\/12\/AdHg4-cover_medium.jpg 408w\" sizes=\"auto, (max-width: 229px) 100vw, 229px\" \/><\/a><\/p>\n<p><em><strong>Der vierte Fall f\u00fcr Mark und Felix<br \/>\n<\/strong><\/em><\/p>\n<p>Ein Notfall zwingt Kommissar Mark Richter und Hovawart Felix vorzeitig zum Dienst zur\u00fcck: Ihr Freund und Partner Dominik Waldmayer wurde unter Mordverdacht festgenommen. Als Mark erf\u00e4hrt, wen sein Kollege get\u00f6tet haben soll, wei\u00df er, dass es noch \u00fcbler als bef\u00fcrchtet aussieht: Es handelt sich um Juliane Gerboth, die Dominik seit Monaten beobachtet und verfolgt. Ist sein Partner diesmal vielleicht zu weit gegangen?<\/p>\n<p>Band Vier der beliebten Krimi-Reihe.<\/p>\n<p><em>&#8222;Ein Hund zum Knutschen, ein cleverer Ermittler und ein fieser Mord &#8211; perfekter Krimispa\u00df.&#8220;<\/em> &#8211; Silke Porath<\/p>\n<p><em><strong>\u00a0<\/strong><\/em><\/p>\n<p>Info:<br \/>\nAutor: S\u00f6ren Prescher,<br \/>\n280 Seiten, Deutsch<br \/>\nVerlag: Edel Elements<br \/>\nISBN-13: 978-3-96215-378-6<br \/>\nASIN : B08Q4B42J7<br \/>\nErscheinungsdatum: 15. Januar 2021<\/p>\n<p>Der Roman ist unter anderem bei <strong><a href=\"https:\/\/www.amazon.de\/gp\/product\/B08Q4B42J7\/ref=as_li_qf_asin_il_tl?ie=UTF8&amp;tag=sorenprescher-21&amp;creative=6742&amp;linkCode=as2&amp;creativeASIN=B08Q4B42J7&amp;linkId=4ad8f58bb219e570810b30ad3ff1540f\">Amazon.de <\/a><\/strong>erh\u00e4ltlich.<\/p>\n<p><span class=\"_44bj\">Bei <a href=\"https:\/\/www.facebook.com\/257009337651970\/videos\/617902115332042\/\" target=\"_blank\" rel=\"noopener noreferrer\"><strong>Facebook<\/strong><\/a> und auf <a href=\"https:\/\/www.youtube.com\/watch?v=DZqR8KU4zWE\" target=\"_blank\" rel=\"noopener noreferrer\"><strong>YouTube<\/strong><\/a> gibt es ein knapp dreimin\u00fctiges Video, in dem ich die Krimi-Reihe vorstelle.<\/span><\/p>\n<p>Au\u00dferdem habe ich extra f\u00fcr den Start der zweiten Staffel einen kleinen Promo-Clip aufgenommen, den ihr <a href=\"https:\/\/www.youtube.com\/watch?v=icJV_AEe2xM\"><strong>an dieser Stelle<\/strong><\/a> anschauen k\u00f6nnt.<\/p>\n<p>&nbsp;<\/p>\n","protected":false},"excerpt":{"rendered":"<p>Der vierte Fall f\u00fcr Mark und Felix Ein Notfall zwingt Kommissar Mark Richter und Hovawart Felix vorzeitig zum Dienst zur\u00fcck: Ihr Freund und Partner Dominik Waldmayer wurde unter Mordverdacht festgenommen. Als Mark erf\u00e4hrt, wen sein Kollege get\u00f6tet haben soll, wei\u00df er, dass es noch \u00fcbler als bef\u00fcrchtet aussieht: Es handelt sich um Juliane Gerboth, die [&hellip;]<\/p>\n","protected":false},"author":2,"featured_media":0,"parent":0,"menu_order":0,"comment_status":"closed","ping_status":"closed","template":"","meta":{"footnotes":""},"class_list":["post-1893","page","type-page","status-publish","hentry"],"_links":{"self":[{"href":"https:\/\/www.soeren-prescher.de\/index.php?rest_route=\/wp\/v2\/pages\/1893","targetHints":{"allow":["GET"]}}],"collection":[{"href":"https:\/\/www.soeren-prescher.de\/index.php?rest_route=\/wp\/v2\/pages"}],"about":[{"href":"https:\/\/www.soeren-prescher.de\/index.php?rest_route=\/wp\/v2\/types\/page"}],"author":[{"embeddable":true,"href":"https:\/\/www.soeren-prescher.de\/index.php?rest_route=\/wp\/v2\/users\/2"}],"replies":[{"embeddable":true,"href":"https:\/\/www.soeren-prescher.de\/index.php?rest_route=%2Fwp%2Fv2%2Fcomments&post=1893"}],"version-history":[{"count":5,"href":"https:\/\/www.soeren-prescher.de\/index.php?rest_route=\/wp\/v2\/pages\/1893\/revisions"}],"predecessor-version":[{"id":2201,"href":"https:\/\/www.soeren-prescher.de\/index.php?rest_route=\/wp\/v2\/pages\/1893\/revisions\/2201"}],"wp:attachment":[{"href":"https:\/\/www.soeren-prescher.de\/index.php?rest_route=%2Fwp%2Fv2%2Fmedia&parent=1893"}],"curies":[{"name":"wp","href":"https:\/\/api.w.org\/{rel}","templated":true}]}}

<p><a href="https://www.amazon.de/gp/product/B08Q4B42J7/ref=as_li_qf_asin_il_tl?ie=UTF8&amp;tag=sorenprescher-21&amp;creative=6742&amp;linkCode=as2&amp;creativeASIN=B08Q4B42J7&amp;linkId=4ad8f58bb219e570810b30ad3ff1540f" target="_blank" rel="noopener noreferrer"><img loading="lazy" decoding="async" class="alignright wp-image-1892 " title="Auf Messers Schneide" src="https://www.soeren-prescher.de/wp-content/uploads/2020/12/AdHg4-cover_medium-333x500.jpg" alt="" width="229" height="344" srcset="https://www.soeren-prescher.de/wp-content/uploads/2020/12/AdHg4-cover_medium-333x500.jpg 333w, https://www.soeren-prescher.de/wp-content/uploads/2020/12/AdHg4-cover_medium.jpg 408w" sizes="auto, (max-width: 229px) 100vw, 229px" /></a></p>
<p><em><strong>Der vierte Fall für Mark und Felix<br />
</strong></em></p>
<p>Ein Notfall zwingt Kommissar Mark Richter und Hovawart Felix vorzeitig zum Dienst zurück: Ihr Freund und Partner Dominik Waldmayer wurde unter Mordverdacht festgenommen. Als Mark erfährt, wen sein Kollege getötet haben soll, weiß er, dass es noch übler als befürchtet aussieht: Es handelt sich um Juliane Gerboth, die Dominik seit Monaten beobachtet und verfolgt. Ist sein Partner diesmal vielleicht zu weit gegangen?</p>
<p>Band Vier der beliebten Krimi-Reihe.</p>
<p><em>&#8222;Ein Hund zum Knutschen, ein cleverer Ermittler und ein fieser Mord &#8211; perfekter Krimispaß.&#8220;</em> &#8211; Silke Porath</p>
<p><em><strong> </strong></em></p>
<p>Info:<br />
Autor: Sören Prescher,<br />
280 Seiten, Deutsch<br />
Verlag: Edel Elements<br />
ISBN-13: 978-3-96215-378-6<br />
ASIN : B08Q4B42J7<br />
Erscheinungsdatum: 15. Januar 2021</p>
<p>Der Roman ist unter anderem bei <strong><a href="https://www.amazon.de/gp/product/B08Q4B42J7/ref=as_li_qf_asin_il_tl?ie=UTF8&amp;tag=sorenprescher-21&amp;creative=6742&amp;linkCode=as2&amp;creativeASIN=B08Q4B42J7&amp;linkId=4ad8f58bb219e570810b30ad3ff1540f">Amazon.de </a></strong>erhältlich.</p>
<p><span class="_44bj">Bei <a href="https://www.facebook.com/257009337651970/videos/617902115332042/" target="_blank" rel="noopener noreferrer"><strong>Facebook</strong></a> und auf <a href="https://www.youtube.com/watch?v=DZqR8KU4zWE" target="_blank" rel="noopener noreferrer"><strong>YouTube</strong></a> gibt es ein knapp dreiminütiges Video, in dem ich die Krimi-Reihe vorstelle.</span></p>
<p>Außerdem habe ich extra für den Start der zweiten Staffel einen kleinen Promo-Clip aufgenommen, den ihr <a href="https://www.youtube.com/watch?v=icJV_AEe2xM"><strong>an dieser Stelle</strong></a> anschauen könnt.</p>
<p>&nbsp;</p>

<p>Der vierte Fall für Mark und Felix Ein Notfall zwingt Kommissar Mark Richter und Hovawart Felix vorzeitig zum Dienst zurück: Ihr Freund und Partner Dominik Waldmayer wurde unter Mordverdacht festgenommen. Als Mark erfährt, wen sein Kollege getötet haben soll, weiß er, dass es noch übler als befürchtet aussieht: Es handelt sich um Juliane Gerboth, die [&hellip;]</p>
