{"id":1127,"date":"2017-10-02T17:08:09","date_gmt":"2017-10-02T16:08:09","guid":{"rendered":"http:\/\/www.soeren-prescher.de\/?page_id=1127"},"modified":"2018-01-29T20:55:18","modified_gmt":"2018-01-29T19:55:18","slug":"die-verschwoerung-der-schatten","status":"publish","type":"page","link":"https:\/\/www.soeren-prescher.de\/?page_id=1127","title":{"rendered":"Die Verschw\u00f6rung der Schatten"},"content":{"rendered":"<p><a href=\"https:\/\/www.amazon.de\/gp\/product\/395835288X\/ref=as_li_qf_sp_asin_il_tl?ie=UTF8&amp;tag=sorenprescher-21&amp;camp=1638&amp;creative=6742&amp;linkCode=as2&amp;creativeASIN=395835288X&amp;linkId=5c9942056aaa59c3c6592dca10d1e5cc\" target=\"_blank\" rel=\"noopener\"><img loading=\"lazy\" decoding=\"async\" class=\"alignright wp-image-1124 size-medium\" title=\"Die Verschw\u00f6rung der Schatten\" src=\"https:\/\/www.soeren-prescher.de\/wp-content\/uploads\/2017\/10\/VdS_cover_klein-199x300.jpg\" alt=\"Die Verschw\u00f6rung der Schatten\" width=\"199\" height=\"300\" srcset=\"https:\/\/www.soeren-prescher.de\/wp-content\/uploads\/2017\/10\/VdS_cover_klein-199x300.jpg 199w, https:\/\/www.soeren-prescher.de\/wp-content\/uploads\/2017\/10\/VdS_cover_klein.jpg 332w\" sizes=\"auto, (max-width: 199px) 100vw, 199px\" \/><\/a><\/p>\n<p><em>Rechtsmediziner Nathaniel Jackson ist ein vom Leben gezeichneter Mann, der einfach nur seine Ruhe haben will. Das \u00e4ndert sich, als ihm ein offensichtlich verwirrter Mann vors Auto l\u00e4uft und von dunklen M\u00e4nnern faselt, die ihn angeblich verfolgen. Nathaniel h\u00e4lt alles f\u00fcr ausgemachten Bl\u00f6dsinn, bis die beiden von eben diesen Wesen verfolgt werden. Pl\u00f6tzlich tauchen \u00fcberall in der Stadt merkw\u00fcrdige Graffiti auf, Bomben detonieren und generell scheint alles immer mehr zum Teufel zu gehen. Zudem erh\u00e4lt Nathaniel geheimnisvolle Botschaften, die nur er h\u00f6ren kann. Wird er langsam ebenfalls verr\u00fcckt? Oder steckt eine andere, sehr viel schlimmere Wahrheit dahinter?<\/em><\/p>\n<p>&nbsp;<\/p>\n<p><em><strong>\u201eDie Verschw\u00f6rung der Schatten\u201c<\/strong><\/em><\/p>\n<ul>\n<li><b>Verlag:<\/b>\u00a0Luzifer Verlag (2017 \/ 2018)<\/li>\n<li id=\"sold-by-merchant\"><b>eBook-Preis: <\/b>3,99 Euro<b><br \/>\n<\/b><\/li>\n<li><b>eBook ASIN:<\/b>\u00a0B0763QG56X<\/li>\n<li><strong>Taschenbuch-Preis:<\/strong> 12,99 Euro<\/li>\n<li><strong>Taschenbuch ISBN:<\/strong> 978-95835-288-9<\/li>\n<li><a href=\"https:\/\/www.soeren-prescher.de\/wp-content\/uploads\/2018\/01\/Presseinformation-Die-Verschw\u00f6rung-der-Schatten.pdf\" target=\"_blank\" rel=\"noopener\">Presse-Information<\/a><\/li>\n<\/ul>\n<p>&nbsp;<\/p>\n<p>Das elektronische Buch k\u00f6nnt ihr bereits in jedem e-Book-Shop und nat\u00fcrlich bei <a href=\"https:\/\/www.amazon.de\/gp\/product\/B0763QG56X\/ref=as_li_tl?ie=UTF8&amp;tag=sorenprescher-21&amp;camp=1638&amp;creative=6742&amp;linkCode=as2&amp;creativeASIN=B0763QG56X&amp;linkId=c77e1d2ba6198fc05b97bdbcaa3f6be0\" target=\"_blank\" rel=\"noopener\"><strong>Amazon<\/strong><\/a> bestellen. Die Taschenbuchausgabe ist ab sofort ebenfalls erh\u00e4ltlich. Zum Beispiel <a href=\"https:\/\/www.amazon.de\/gp\/product\/395835288X\/ref=as_li_qf_sp_asin_il_tl?ie=UTF8&amp;tag=sorenprescher-21&amp;camp=1638&amp;creative=6742&amp;linkCode=as2&amp;creativeASIN=395835288X&amp;linkId=5c9942056aaa59c3c6592dca10d1e5cc\" target=\"_blank\" rel=\"noopener\"><strong>hier<\/strong><\/a>.<\/p>\n<p>Bei der <strong>B\u00fcchereule<\/strong> hat der Roman seinen <a href=\"https:\/\/www.buechereule.de\/wbb\/thread\/95215-soeren-prescher-die-verschwoerung-der-schatten\/\" target=\"_blank\" rel=\"noopener\"><strong>eigenen Thread<\/strong><\/a> erhalten.<\/p>\n<p>Im November 2017 fand auf den Seiten von Lovelybooks eine Leserunde zum Roman statt. Nachfolgend die Eindr\u00fccke der LeserInnen:<\/p>\n<p>Tobias_Gleich: <em>Ich finde die Geschichte ist einfach super gemacht, sie ist spannend und daf\u00fcr das sie nur 232 Seiten hat super gut und echt fesselnd. Die einzelnen Charaktere wie Nat, Norman oder Lennie, Nats Freund sind gut ausgearbeitet und handeln alle nachvollziebar und logisch. Ich selber habe mit den einzelnen Charakteren mitgefiebert und fande es super spannend was sie als n\u00e4chstes gemacht haben. Das Buch kann ich nur empfehlen f\u00fcr Leute, die gerne Thriller mit ein bisschen Urban Fantasy Elementen lesen m\u00f6chten.<br \/>\n<\/em><br \/>\nPucki60: <em>Das Buch war spannend und man fragt sich oft, was hat das zu bedeuten. Das Ganze l\u00e4sst sich schnell und gut lesen. Wer gerne etwas von Schattenwesen, Verschw\u00f6rungen und mysteri\u00f6sen Dingen liest, dem kann ich dieses Buch empfehlen.<br \/>\n<\/em><em><br \/>\n<\/em>RalfKor: <em>Was nach viel Stoff klingt, wird in einem rasanten Tempo im Stile einer Kurzgeschichte erz\u00e4hlt und man fliegt nur so durch die Seiten. Eine Geschichte, irgendwo zwischen Mystery und Urban Fantasy, die fl\u00fc\u00dfig geschrieben ist und mit allerlei Fanboy-Leckerbissen gespickt ist, die so manches L\u00e4cheln auf die Lippen zaubern wird.<\/em><\/p>\n<p>Ladybella: <em>Eine Geschichte, die ich pers\u00f6nlich mehr dem Genre Fantasy zuordnen w\u00fcrde. F\u00fcr Leser die dieses Genre lieben, sicher absolut lesenswert.<br \/>\n<\/em><br \/>\nNenati: <em>Mich hat die Geschichte gut unterhalten. Wer sich f\u00fcr das Buch interessiert sollte sich selbst ein Bild machen, erwartet aber keinen typischen Mystery-Thriller mit Ermittlern. Es ist mehr Mystery und Fantasy, geht also nicht mit v\u00f6llig falschen Erwartungen an das Buch. Es ist mehr Mystery und Fantasy, geht also nicht mit v\u00f6llig falschen Erwartungen an das Buch.<\/em><\/p>\n<p>AndreasF: <em>Das Buch liest sich fl\u00fcssig, die Sprache ist locker aber unaufdringlich.<\/em><\/p>\n<p>Alexandra_Yildirim: <em>Ich bin hell begeistert gewesen, von Anfang an bis zum Schluss spannend und zum mit Gr\u00fcbeln anregend. Die Charakterien kommen perfekt in der Geschichte r\u00fcber. Haupt Charakter Nat wird bei seiner heimfahrt von seiner Lieblings Bar durch einen Fremden buchst\u00e4blich in ein Gro\u00dfes Mystr\u00f6ses Abenteuer gezogen. In dem man oft seine eigene Theorie zusammen reimt. Ich kann das Buch nur empfehlen.<\/em><\/p>\n<p>Sakle88: <em>Der Schreibstil ist fl\u00fcssig zu lesen. Man wird direkt in die Geschichte geworfen und ist direkt mittendrin. Ich finde den Spannungsbogen gut aufrecht gehalten. Die Geschichte h\u00e4lt einige \u00dcberraschungen und Wendungen bereit. Das Ende hab ich so nicht erwartet und auch so nicht kommen sehen.<br \/>\n<\/em><\/p>\n<p>SaintGermain: <em>Die Story an sich gefiel mir ganz gut. Die Spannung wurde im ganzen Buch sehr hoch gehalten<\/em><\/p>\n<p><em><br \/>\n<\/em><\/p>\n<table style=\"border-collapse: collapse; width: 100%;\">\n<tbody>\n<tr>\n<td style=\"width: 33%;\"><\/td>\n<td style=\"width: 33%;\"><\/td>\n<td style=\"width: 33%;\"><\/td>\n<\/tr>\n<tr>\n<td style=\"width: 33%;\"><\/td>\n<td style=\"width: 33%;\"><\/td>\n<td style=\"width: 33%;\"><\/td>\n<\/tr>\n<\/tbody>\n<\/table>\n","protected":false},"excerpt":{"rendered":"<p>Rechtsmediziner Nathaniel Jackson ist ein vom Leben gezeichneter Mann, der einfach nur seine Ruhe haben will. Das \u00e4ndert sich, als ihm ein offensichtlich verwirrter Mann vors Auto l\u00e4uft und von dunklen M\u00e4nnern faselt, die ihn angeblich verfolgen. Nathaniel h\u00e4lt alles f\u00fcr ausgemachten Bl\u00f6dsinn, bis die beiden von eben diesen Wesen verfolgt werden. Pl\u00f6tzlich tauchen \u00fcberall [&hellip;]<\/p>\n","protected":false},"author":2,"featured_media":0,"parent":0,"menu_order":0,"comment_status":"closed","ping_status":"closed","template":"","meta":{"footnotes":""},"class_list":["post-1127","page","type-page","status-publish","hentry"],"_links":{"self":[{"href":"https:\/\/www.soeren-prescher.de\/index.php?rest_route=\/wp\/v2\/pages\/1127","targetHints":{"allow":["GET"]}}],"collection":[{"href":"https:\/\/www.soeren-prescher.de\/index.php?rest_route=\/wp\/v2\/pages"}],"about":[{"href":"https:\/\/www.soeren-prescher.de\/index.php?rest_route=\/wp\/v2\/types\/page"}],"author":[{"embeddable":true,"href":"https:\/\/www.soeren-prescher.de\/index.php?rest_route=\/wp\/v2\/users\/2"}],"replies":[{"embeddable":true,"href":"https:\/\/www.soeren-prescher.de\/index.php?rest_route=%2Fwp%2Fv2%2Fcomments&post=1127"}],"version-history":[{"count":1,"href":"https:\/\/www.soeren-prescher.de\/index.php?rest_route=\/wp\/v2\/pages\/1127\/revisions"}],"predecessor-version":[{"id":1186,"href":"https:\/\/www.soeren-prescher.de\/index.php?rest_route=\/wp\/v2\/pages\/1127\/revisions\/1186"}],"wp:attachment":[{"href":"https:\/\/www.soeren-prescher.de\/index.php?rest_route=%2Fwp%2Fv2%2Fmedia&parent=1127"}],"curies":[{"name":"wp","href":"https:\/\/api.w.org\/{rel}","templated":true}]}}

Die Verschwörung der Schatten

<p><a href="https://www.amazon.de/gp/product/395835288X/ref=as_li_qf_sp_asin_il_tl?ie=UTF8&amp;tag=sorenprescher-21&amp;camp=1638&amp;creative=6742&amp;linkCode=as2&amp;creativeASIN=395835288X&amp;linkId=5c9942056aaa59c3c6592dca10d1e5cc" target="_blank" rel="noopener"><img loading="lazy" decoding="async" class="alignright wp-image-1124 size-medium" title="Die Verschwörung der Schatten" src="https://www.soeren-prescher.de/wp-content/uploads/2017/10/VdS_cover_klein-199x300.jpg" alt="Die Verschwörung der Schatten" width="199" height="300" srcset="https://www.soeren-prescher.de/wp-content/uploads/2017/10/VdS_cover_klein-199x300.jpg 199w, https://www.soeren-prescher.de/wp-content/uploads/2017/10/VdS_cover_klein.jpg 332w" sizes="auto, (max-width: 199px) 100vw, 199px" /></a></p>
<p><em>Rechtsmediziner Nathaniel Jackson ist ein vom Leben gezeichneter Mann, der einfach nur seine Ruhe haben will. Das ändert sich, als ihm ein offensichtlich verwirrter Mann vors Auto läuft und von dunklen Männern faselt, die ihn angeblich verfolgen. Nathaniel hält alles für ausgemachten Blödsinn, bis die beiden von eben diesen Wesen verfolgt werden. Plötzlich tauchen überall in der Stadt merkwürdige Graffiti auf, Bomben detonieren und generell scheint alles immer mehr zum Teufel zu gehen. Zudem erhält Nathaniel geheimnisvolle Botschaften, die nur er hören kann. Wird er langsam ebenfalls verrückt? Oder steckt eine andere, sehr viel schlimmere Wahrheit dahinter?</em></p>
<p>&nbsp;</p>
<p><em><strong>„Die Verschwörung der Schatten“</strong></em></p>
<ul>
<li><b>Verlag:</b> Luzifer Verlag (2017 / 2018)</li>
<li id="sold-by-merchant"><b>eBook-Preis: </b>3,99 Euro<b><br />
</b></li>
<li><b>eBook ASIN:</b> B0763QG56X</li>
<li><strong>Taschenbuch-Preis:</strong> 12,99 Euro</li>
<li><strong>Taschenbuch ISBN:</strong> 978-95835-288-9</li>
<li><a href="https://www.soeren-prescher.de/wp-content/uploads/2018/01/Presseinformation-Die-Verschwörung-der-Schatten.pdf" target="_blank" rel="noopener">Presse-Information</a></li>
</ul>
<p>&nbsp;</p>
<p>Das elektronische Buch könnt ihr bereits in jedem e-Book-Shop und natürlich bei <a href="https://www.amazon.de/gp/product/B0763QG56X/ref=as_li_tl?ie=UTF8&amp;tag=sorenprescher-21&amp;camp=1638&amp;creative=6742&amp;linkCode=as2&amp;creativeASIN=B0763QG56X&amp;linkId=c77e1d2ba6198fc05b97bdbcaa3f6be0" target="_blank" rel="noopener"><strong>Amazon</strong></a> bestellen. Die Taschenbuchausgabe ist ab sofort ebenfalls erhältlich. Zum Beispiel <a href="https://www.amazon.de/gp/product/395835288X/ref=as_li_qf_sp_asin_il_tl?ie=UTF8&amp;tag=sorenprescher-21&amp;camp=1638&amp;creative=6742&amp;linkCode=as2&amp;creativeASIN=395835288X&amp;linkId=5c9942056aaa59c3c6592dca10d1e5cc" target="_blank" rel="noopener"><strong>hier</strong></a>.</p>
<p>Bei der <strong>Büchereule</strong> hat der Roman seinen <a href="https://www.buechereule.de/wbb/thread/95215-soeren-prescher-die-verschwoerung-der-schatten/" target="_blank" rel="noopener"><strong>eigenen Thread</strong></a> erhalten.</p>
<p>Im November 2017 fand auf den Seiten von Lovelybooks eine Leserunde zum Roman statt. Nachfolgend die Eindrücke der LeserInnen:</p>
<p>Tobias_Gleich: <em>Ich finde die Geschichte ist einfach super gemacht, sie ist spannend und dafür das sie nur 232 Seiten hat super gut und echt fesselnd. Die einzelnen Charaktere wie Nat, Norman oder Lennie, Nats Freund sind gut ausgearbeitet und handeln alle nachvollziebar und logisch. Ich selber habe mit den einzelnen Charakteren mitgefiebert und fande es super spannend was sie als nächstes gemacht haben. Das Buch kann ich nur empfehlen für Leute, die gerne Thriller mit ein bisschen Urban Fantasy Elementen lesen möchten.<br />
</em><br />
Pucki60: <em>Das Buch war spannend und man fragt sich oft, was hat das zu bedeuten. Das Ganze lässt sich schnell und gut lesen. Wer gerne etwas von Schattenwesen, Verschwörungen und mysteriösen Dingen liest, dem kann ich dieses Buch empfehlen.<br />
</em><em><br />
</em>RalfKor: <em>Was nach viel Stoff klingt, wird in einem rasanten Tempo im Stile einer Kurzgeschichte erzählt und man fliegt nur so durch die Seiten. Eine Geschichte, irgendwo zwischen Mystery und Urban Fantasy, die flüßig geschrieben ist und mit allerlei Fanboy-Leckerbissen gespickt ist, die so manches Lächeln auf die Lippen zaubern wird.</em></p>
<p>Ladybella: <em>Eine Geschichte, die ich persönlich mehr dem Genre Fantasy zuordnen würde. Für Leser die dieses Genre lieben, sicher absolut lesenswert.<br />
</em><br />
Nenati: <em>Mich hat die Geschichte gut unterhalten. Wer sich für das Buch interessiert sollte sich selbst ein Bild machen, erwartet aber keinen typischen Mystery-Thriller mit Ermittlern. Es ist mehr Mystery und Fantasy, geht also nicht mit völlig falschen Erwartungen an das Buch. Es ist mehr Mystery und Fantasy, geht also nicht mit völlig falschen Erwartungen an das Buch.</em></p>
<p>AndreasF: <em>Das Buch liest sich flüssig, die Sprache ist locker aber unaufdringlich.</em></p>
<p>Alexandra_Yildirim: <em>Ich bin hell begeistert gewesen, von Anfang an bis zum Schluss spannend und zum mit Grübeln anregend. Die Charakterien kommen perfekt in der Geschichte rüber. Haupt Charakter Nat wird bei seiner heimfahrt von seiner Lieblings Bar durch einen Fremden buchstäblich in ein Großes Myströses Abenteuer gezogen. In dem man oft seine eigene Theorie zusammen reimt. Ich kann das Buch nur empfehlen.</em></p>
<p>Sakle88: <em>Der Schreibstil ist flüssig zu lesen. Man wird direkt in die Geschichte geworfen und ist direkt mittendrin. Ich finde den Spannungsbogen gut aufrecht gehalten. Die Geschichte hält einige Überraschungen und Wendungen bereit. Das Ende hab ich so nicht erwartet und auch so nicht kommen sehen.<br />
</em></p>
<p>SaintGermain: <em>Die Story an sich gefiel mir ganz gut. Die Spannung wurde im ganzen Buch sehr hoch gehalten</em></p>
<p><em><br />
</em></p>
<table style="border-collapse: collapse; width: 100%;">
<tbody>
<tr>
<td style="width: 33%;"></td>
<td style="width: 33%;"></td>
<td style="width: 33%;"></td>
</tr>
<tr>
<td style="width: 33%;"></td>
<td style="width: 33%;"></td>
<td style="width: 33%;"></td>
</tr>
</tbody>
</table>

<p>Rechtsmediziner Nathaniel Jackson ist ein vom Leben gezeichneter Mann, der einfach nur seine Ruhe haben will. Das ändert sich, als ihm ein offensichtlich verwirrter Mann vors Auto läuft und von dunklen Männern faselt, die ihn angeblich verfolgen. Nathaniel hält alles für ausgemachten Blödsinn, bis die beiden von eben diesen Wesen verfolgt werden. Plötzlich tauchen überall [&hellip;]</p>
